000
CDUS43 KILX 052129
CLIILX


CLIMATE REPORT
NATIONAL WEATHER SERVICE LINCOLN IL
429 PM CDT TUE MAY 5 2015


...................................

...THE LINCOLN IL CLIMATE SUMMARY FOR MAY 5 2015...
VALID TODAY AS OF 0400 PM LOCAL TIME.

CLIMATE NORMAL PERIOD 1981 TO 2010
CLIMATE RECORD PERIOD 1905 TO 2015


WEATHER ITEM   OBSERVED TIME   RECORD YEAR NORMAL DEPARTURE LAST
                VALUE   (LST)  VALUE       VALUE  FROM      YEAR
                                                  NORMAL
..................................................................
TEMPERATURE (F)
 TODAY
  MAXIMUM         83        MM  94    1952  71     12       75
  MINIMUM         60        MM  31    1925  48     12       45
  AVERAGE         72                        60     12       60

PRECIPITATION (IN)
  TODAY            0.00          2.13 1991   0.14  -0.14     0.00
  MONTH TO DATE    0.59                      0.67  -0.08      T
  SINCE MAR 1      4.38                      6.88  -2.50     4.88
  SINCE JAN 1      7.14                     10.63  -3.49     9.54

SNOWFALL (IN)
  TODAY           MM             0.0    MM   0.0   MM        0.0
  MONTH TO DATE    0.0                       0.0    0.0      0.0
  SINCE MAR 1      3.7                       2.0    1.7      4.7
  SINCE JUL 1     21.9                      20.5    1.4     46.3
  SNOW DEPTH      MM

DEGREE DAYS
 HEATING
  TODAY            0                         7     -7        5
  MONTH TO DATE   18                        36    -18       47
  SINCE MAR 1   1170                      1168      2     1336
  SINCE JUL 1   6107                      5591    516     6580

 COOLING
  TODAY            7                         1      6        0
  MONTH TO DATE   16                         5     11        0
  SINCE MAR 1     17                        20     -3        1
  SINCE JAN 1     17                        20     -3        1
..................................................................







THE LINCOLN IL CLIMATE NORMALS FOR TOMORROW
                         NORMAL    RECORD    YEAR
 MAXIMUM TEMPERATURE (F)   71        92      1949
 MINIMUM TEMPERATURE (F)   49        25      1989


SUNRISE AND SUNSET
MAY  5 2015...........SUNRISE   553 AM CDT   SUNSET   756 PM CDT
MAY  6 2015...........SUNRISE   551 AM CDT   SUNSET   757 PM CDT


-  INDICATES NEGATIVE NUMBERS.
R  INDICATES RECORD WAS SET OR TIED.
MM INDICATES DATA IS MISSING.
T  INDICATES TRACE AMOUNT.




$$
