000
CDUS43 KIND 032331
CLIIND


CLIMATE REPORT
NATIONAL WEATHER SERVICE INDIANAPOLIS IN
731 PM EDT SUN MAY 3 2015


...................................

...THE INDIANAPOLIS IN CLIMATE SUMMARY FOR MAY 3 2015...
VALID AS OF 0700 PM LOCAL TIME.

CLIMATE NORMAL PERIOD 1981 TO 2010
CLIMATE RECORD PERIOD 1871 TO 2015


WEATHER ITEM   OBSERVED TIME   RECORD YEAR NORMAL DEPARTURE LAST
                VALUE   (LST)  VALUE       VALUE  FROM      YEAR
                                                  NORMAL
..................................................................
TEMPERATURE (F)
 TODAY
  MAXIMUM         78    455 PM  86    1959  69      9       66
                                      1949
                                      1902
  MINIMUM         53    505 AM  29    2005  49      4       44
  AVERAGE         66                        59      7       55

PRECIPITATION (IN)
  TODAY            T             1.56 1942   0.16  -0.16      T
  MONTH TO DATE    T                         0.47  -0.47      T
  SINCE MAR 1      7.53                      7.84  -0.31     7.77
  SINCE JAN 1     10.68                     12.82  -2.14    12.56

SNOWFALL (IN)
  TODAY            0.0           T    1954   0.0    0.0      0.0
  MONTH TO DATE    0.0                       0.0    0.0      0.0
  SINCE MAR 1      5.9                       2.8    3.1      3.4
  SINCE JUL 1     25.6                      25.9   -0.3     55.7
  SNOW DEPTH       0

..................................................................


WIND (MPH)
  HIGHEST WIND SPEED    20   HIGHEST WIND DIRECTION     S (190)
  HIGHEST GUST SPEED    25   HIGHEST GUST DIRECTION     S (190)
  AVERAGE WIND SPEED     6.8


SKY COVER
  AVERAGE SKY COVER 0.7


WEATHER CONDITIONS
 THE FOLLOWING WEATHER WAS RECORDED TODAY.
  NO SIGNIFICANT WEATHER WAS OBSERVED.


RELATIVE HUMIDITY (PERCENT)
 HIGHEST    72           700 AM
 LOWEST     32           500 PM

..........................................................


THE INDIANAPOLIS IN CLIMATE NORMALS FOR TOMORROW
                         NORMAL    RECORD    YEAR
 MAXIMUM TEMPERATURE (F)   69        88      1949
                                             1895
 MINIMUM TEMPERATURE (F)   49        30      1976


SUNRISE AND SUNSET
MAY  3 2015...........SUNRISE   644 AM EDT   SUNSET   841 PM EDT
MAY  4 2015...........SUNRISE   642 AM EDT   SUNSET   842 PM EDT


-  INDICATES NEGATIVE NUMBERS.
R  INDICATES RECORD WAS SET OR TIED.
MM INDICATES DATA IS MISSING.
T  INDICATES TRACE AMOUNT.




$$
