000
CDUS43 KDLH 050620
CLIINL


CLIMATE REPORT
NATIONAL WEATHER SERVICE DULUTH MN
120 AM CDT TUE MAY 5 2015


...................................

...THE INTERNATIONAL FALLS MN CLIMATE SUMMARY FOR MAY 4 2015...

CLIMATE NORMAL PERIOD 1981 TO 2010
CLIMATE RECORD PERIOD 1895 TO 2015


WEATHER ITEM   OBSERVED TIME   RECORD YEAR NORMAL DEPARTURE LAST
                VALUE   (LST)  VALUE       VALUE  FROM      YEAR
                                                  NORMAL
..................................................................
TEMPERATURE (F)
 YESTERDAY
  MAXIMUM         65    239 PM  90    1952  61      4       49
  MINIMUM         30    144 AM  19    1967  35     -5       25
  AVERAGE         48                        48      0       37

PRECIPITATION (IN)
  YESTERDAY        0.00          1.02 1950   0.08  -0.08     0.00
  MONTH TO DATE    0.13                      0.31  -0.18     0.15
  SINCE MAR 1      1.49                      2.79  -1.30     3.14
  SINCE JAN 1      3.51                      3.98  -0.47     4.89

SNOWFALL (IN)
  YESTERDAY        0.0           1.3  1991   0.0    0.0      0.0
  MONTH TO DATE    0.0                       0.1   -0.1      0.0
  SINCE MAR 1      7.8                      14.1   -6.3     24.8
  SINCE JUL 1     64.5                      70.9   -6.4    101.2
  SNOW DEPTH       0

DEGREE DAYS
 HEATING
  YESTERDAY       17                        17      0       28
  MONTH TO DATE   48                        72    -24      109
  SINCE MAR 1   1976                      2127   -151     2622
  SINCE JUL 1   9730                      9710     20    11053

 COOLING
  YESTERDAY        0                         0      0        0
  MONTH TO DATE    0                         0      0        0
  SINCE MAR 1      0                         1     -1        0
  SINCE JAN 1      0                         1     -1        0
..................................................................


WIND (MPH)
  HIGHEST WIND SPEED    16   HIGHEST WIND DIRECTION     W (290)
  HIGHEST GUST SPEED    23   HIGHEST GUST DIRECTION    NW (300)
  AVERAGE WIND SPEED     4.9


SKY COVER
  AVERAGE SKY COVER 0.1


WEATHER CONDITIONS
 THE FOLLOWING WEATHER WAS RECORDED YESTERDAY.
  NO SIGNIFICANT WEATHER WAS OBSERVED.


RELATIVE HUMIDITY (PERCENT)
 HIGHEST   100           400 AM
 LOWEST     23           500 PM
 AVERAGE    62

..........................................................


THE INTERNATIONAL FALLS MN CLIMATE NORMALS FOR TODAY
                         NORMAL    RECORD    YEAR
 MAXIMUM TEMPERATURE (F)   61        86      1918
 MINIMUM TEMPERATURE (F)   35        19      1989
                                             1968


SUNRISE AND SUNSET
MAY  5 2015...........SUNRISE   548 AM CDT   SUNSET   834 PM CDT
MAY  6 2015...........SUNRISE   546 AM CDT   SUNSET   835 PM CDT


-  INDICATES NEGATIVE NUMBERS.
R  INDICATES RECORD WAS SET OR TIED.
MM INDICATES DATA IS MISSING.
T  INDICATES TRACE AMOUNT.




$$
