000
CDUS43 KEAX 260641
CLIIRK


CLIMATE REPORT
NATIONAL WEATHER SERVICE KANSAS CITY/PLEASANT HILL MO
140 AM CDT SUN APR 26 2015


...................................

...THE KIRKSVILLE MO CLIMATE SUMMARY FOR APRIL 25 2015...

CLIMATE NORMAL PERIOD 1981 TO 2010
CLIMATE RECORD PERIOD 9999 TO 9999


WEATHER ITEM   OBSERVED TIME   NORMAL DEPARTURE LAST
                VALUE   (LST)  VALUE  FROM      YEAR
                                      NORMAL
......................................................
TEMPERATURE (F)
 YESTERDAY
  MAXIMUM         55    207 PM  66    -11       77
  MINIMUM         47   1159 PM  44      3       38
  AVERAGE         51            55     -4       58

PRECIPITATION (IN)
  YESTERDAY        0.53          0.16   0.37     0.00
  MONTH TO DATE    3.71          2.98   0.73     1.92
  SINCE MAR 1      4.53          5.53  -1.00     2.99
  SINCE JAN 1      6.58          8.33  -1.75     6.54

DEGREE DAYS
 HEATING
  YESTERDAY       14            10      4        7
  MONTH TO DATE  229           355   -126      362
  SINCE MAR 1    915          1109   -194     1264
  SINCE JUL 1   5594          5642    -48     6234

 COOLING
  YESTERDAY        0             0      0        0
  MONTH TO DATE    2             0      2        1
  SINCE MAR 1      3             0      3        1
  SINCE JAN 1      3             0      3        1
......................................................


WIND (MPH)
  HIGHEST WIND SPEED    23   HIGHEST WIND DIRECTION    NE (30)
  HIGHEST GUST SPEED    27   HIGHEST GUST DIRECTION     N (20)
  AVERAGE WIND SPEED    12.7


SKY COVER
  AVERAGE SKY COVER 1.0


WEATHER CONDITIONS
 THE FOLLOWING WEATHER WAS RECORDED YESTERDAY.
  THUNDERSTORM
  HEAVY RAIN
  RAIN
  LIGHT RAIN
  FOG


RELATIVE HUMIDITY (PERCENT)
 HIGHEST   100           400 AM
 LOWEST     83          1200 AM
 AVERAGE    92

..........................................................


THE KIRKSVILLE MO CLIMATE NORMALS FOR TODAY
                         NORMAL
 MAXIMUM TEMPERATURE (F)   66
 MINIMUM TEMPERATURE (F)   44


SUNRISE AND SUNSET
APRIL 26 2015.........SUNRISE   617 AM CDT   SUNSET   800 PM CDT
APRIL 27 2015.........SUNRISE   615 AM CDT   SUNSET   801 PM CDT


-  INDICATES NEGATIVE NUMBERS.
R  INDICATES RECORD WAS SET OR TIED.
MM INDICATES DATA IS MISSING.
T  INDICATES TRACE AMOUNT.




$$
