000
CDUS42 KJAX 182127
CLIJAX


CLIMATE REPORT
NATIONAL WEATHER SERVICE JACKSONVILLE FL
527 PM EDT SAT APR 18 2015


...................................

...THE JACKSONVILLE CLIMATE SUMMARY FOR APRIL 18 2015...
VALID TODAY AS OF 0500 PM LOCAL TIME.

CLIMATE NORMAL PERIOD 1981 TO 2010
CLIMATE RECORD PERIOD 1871 TO 2015


WEATHER ITEM   OBSERVED TIME   RECORD YEAR NORMAL DEPARTURE LAST
                VALUE   (LST)  VALUE       VALUE  FROM      YEAR
                                                  NORMAL
..................................................................
TEMPERATURE (F)
 TODAY
  MAXIMUM         87    334 PM  94    1967  80      7       74
  MINIMUM         63    232 AM  37    2001  55      8       63
  AVERAGE         75                        67      8       69

PRECIPITATION (IN)
  TODAY            0.00          2.60 1899   0.08  -0.08     0.68
  MONTH TO DATE    1.44                      1.73  -0.29     4.93
  SINCE MAR 1      3.73                      5.68  -1.95     9.58
  SINCE JAN 1     10.13                     12.17  -2.04    19.29

SNOWFALL (IN)
  TODAY            0.0           0.0  2002   0.0    0.0      0.0
                                      2001
  MONTH TO DATE    0.0                       0.0    0.0      0.0
  SINCE MAR 1      0.0                       T      0.0      0.0
  SINCE JUL 1      T                         T      0.0      0.0
  SNOW DEPTH       0

DEGREE DAYS
 HEATING
  TODAY            0                         2     -2        0
  MONTH TO DATE    0                        44    -44       20
  SINCE MAR 1     87                       200   -113      219
  SINCE JUL 1   1335                      1333      2     1296

 COOLING
  TODAY           10                         4      6        4
  MONTH TO DATE  141                        56     85       56
  SINCE MAR 1    244                       110    134       84
  SINCE JAN 1    257                       139    118      114
..................................................................


WIND (MPH)
  HIGHEST WIND SPEED    15   HIGHEST WIND DIRECTION     W (260)
  HIGHEST GUST SPEED    18   HIGHEST GUST DIRECTION     W (260)
  AVERAGE WIND SPEED     3.6


SKY COVER
  POSSIBLE SUNSHINE  MM
  AVERAGE SKY COVER 0.8


WEATHER CONDITIONS
 THE FOLLOWING WEATHER WAS RECORDED TODAY.
  FOG


RELATIVE HUMIDITY (PERCENT)
 HIGHEST   100           200 AM
 LOWEST     55           300 PM
 AVERAGE    78

..........................................................


THE JACKSONVILLE CLIMATE NORMALS FOR TOMORROW
                         NORMAL    RECORD    YEAR
 MAXIMUM TEMPERATURE (F)   80        92      1995
                                             1968
 MINIMUM TEMPERATURE (F)   55        36      2001


SUNRISE AND SUNSET
APRIL 18 2015.........SUNRISE   656 AM EDT   SUNSET   756 PM EDT
APRIL 19 2015.........SUNRISE   655 AM EDT   SUNSET   757 PM EDT


-  INDICATES NEGATIVE NUMBERS.
R  INDICATES RECORD WAS SET OR TIED.
MM INDICATES DATA IS MISSING.
T  INDICATES TRACE AMOUNT.




$$
