000
CDUS44 KMEG 182146
CLIJBR


CLIMATE REPORT
NATIONAL WEATHER SERVICE MEMPHIS TN
446 PM CDT SAT APR 18 2015


...................................

...THE JONESBORO CLIMATE SUMMARY FOR APRIL 18 2015...
VALID TODAY AS OF 0400 PM LOCAL TIME.

CLIMATE NORMAL PERIOD 1981 TO 2010
CLIMATE RECORD PERIOD 1897 TO 2015


WEATHER ITEM   OBSERVED TIME   RECORD YEAR NORMAL DEPARTURE LAST
                VALUE   (LST)  VALUE       VALUE  FROM      YEAR
                                                  NORMAL
..................................................................
TEMPERATURE (F)
 TODAY
  MAXIMUM         74    259 PM  94    2006  71      3       73
  MINIMUM         56    339 AM  32    1921  50      6       52
  AVERAGE         65                        61      4       63

PRECIPITATION (IN)
  TODAY            0.00          2.43 1908   0.17  -0.17     0.00
  MONTH TO DATE    5.18                      2.84   2.34     3.83
  SINCE MAR 1     12.50                      7.34   5.16     8.84
  SINCE JAN 1     17.33                     14.49   2.84    13.55

SNOWFALL (IN)
  TODAY            0.0

DEGREE DAYS
 HEATING
  TODAY            0                         6     -6        2
  MONTH TO DATE   68                       147    -79      166
  SINCE MAR 1    633                       611     22      797
  SINCE JUL 1   3881                      3567    314     4062

 COOLING
  TODAY            0                         1     -1        0
  MONTH TO DATE   23                        18      5       13
  SINCE MAR 1     23                        24     -1       13
  SINCE JAN 1     23                        24     -1       13
..................................................................


WIND (MPH)
  HIGHEST WIND SPEED    14   HIGHEST WIND DIRECTION    SE (130)
  HIGHEST GUST SPEED    16   HIGHEST GUST DIRECTION     E (110)
  AVERAGE WIND SPEED     5.5


SKY COVER
  POSSIBLE SUNSHINE  MM
  AVERAGE SKY COVER 0.6


WEATHER CONDITIONS
 THE FOLLOWING WEATHER WAS RECORDED TODAY.
  FOG
  FOG W/VISIBILITY <= 1/4 MILE


RELATIVE HUMIDITY (PERCENT)
 HIGHEST   100          1200 AM
 LOWEST     68          1200 PM
 AVERAGE    84

..........................................................


THE JONESBORO CLIMATE NORMALS FOR TOMORROW
                         NORMAL    RECORD    YEAR
 MAXIMUM TEMPERATURE (F)   71        88      1911
 MINIMUM TEMPERATURE (F)   51        30      1983


SUNRISE AND SUNSET
APRIL 18 2015.........SUNRISE   626 AM CDT   SUNSET   738 PM CDT
APRIL 19 2015.........SUNRISE   625 AM CDT   SUNSET   739 PM CDT


-  INDICATES NEGATIVE NUMBERS.
R  INDICATES RECORD WAS SET OR TIED.
MM INDICATES DATA IS MISSING.
T  INDICATES TRACE AMOUNT.




$$
