000
CDAK47 PAJK 041126
CLIJNU
AKZ025-042300-
CLIMATE REPORT
NATIONAL WEATHER SERVICE JUNEAU, AK
325 AM AKDT MON MAY 4 2015

...................................

...THE JUNEAU CLIMATE SUMMARY FOR MAY 3 2015...

CLIMATE NORMAL PERIOD 1981 TO 2010
CLIMATE RECORD PERIOD 1943 TO 2015

WEATHER ITEM   OBSERVED TIME   RECORD YEAR NORMAL DEPARTURE LAST
                VALUE   (LST)  VALUE       VALUE  FROM      YEAR
                                                  NORMAL
..................................................................
TEMPERATURE (F)
 YESTERDAY
  MAXIMUM         59    354 PM  65    1997  53      6       64
  MINIMUM         33    454 AM  26    2002  37     -4       39
  AVERAGE         46                        45      1       52

PRECIPITATION (IN)
  YESTERDAY        0.00          2.15 1992   0.11  -0.11     0.00
  MONTH TO DATE    0.24                      0.32  -0.08     0.00
  SINCE MAR 1     11.94                      7.04   4.90     6.12
  SINCE JAN 1     27.54                     16.52  11.02    18.25

DEGREE DAYS
 HEATING
  YESTERDAY       19                        20     -1       13
  MONTH TO DATE   57                        60     -3       31
  SINCE MAR 1   1601                      1751   -150     1774
  SINCE JUL 1   6822                      7588   -766     7415

 COOLING
  YESTERDAY        0                         0      0        0
  MONTH TO DATE    0                         0      0        0
  SINCE MAR 1      0                         0      0        0
  SINCE JAN 1      0                         0      0        0
..................................................................

WIND (MPH)
  HIGHEST WIND SPEED    14   HIGHEST WIND DIRECTION     E (70)
  HIGHEST GUST SPEED    17   HIGHEST GUST DIRECTION     E (100)
  AVERAGE WIND SPEED     4.6

SKY COVER
  POSSIBLE SUNSHINE  MM
  AVERAGE SKY COVER 0.2

WEATHER CONDITIONS
 THE FOLLOWING WEATHER WAS RECORDED YESTERDAY.
  FOG

RELATIVE HUMIDITY (PERCENT)
 HIGHEST   100          1200 AM
 LOWEST     28           300 PM
 AVERAGE    64
..........................................................

THE JUNEAU CLIMATE NORMALS FOR TODAY
                         NORMAL    RECORD    YEAR
 MAXIMUM TEMPERATURE (F)   54        66      1991
 MINIMUM TEMPERATURE (F)   37        26      2003
                                             1959

SUNRISE AND SUNSET
MAY  4 2015...........SUNRISE   457 AM AKDT  SUNSET   855 PM AKDT
MAY  5 2015...........SUNRISE   455 AM AKDT  SUNSET   857 PM AKDT

-  INDICATES NEGATIVE NUMBERS.
R  INDICATES RECORD WAS SET OR TIED.
MM INDICATES DATA IS MISSING.
T  INDICATES TRACE AMOUNT.

$$
&&
----------------------------
AMOUNT OF DAYLIGHT TODAY  (HOUR:MIN)........15:58
GAIN/LOSS SINCE YESTERDAY (HOUR:MIN:SEC)....+0:04:42
