000
CDUS43 KGRR 250521
CLIJXN


CLIMATE REPORT
NATIONAL WEATHER SERVICE GRAND RAPIDS, MI
120 AM EDT SAT APR 25 2015


...................................

...THE JACKSON MI CLIMATE SUMMARY FOR APRIL 24 2015...

CLIMATE NORMAL PERIOD 1981 TO 2010
CLIMATE RECORD PERIOD 1944 TO 9999


WEATHER ITEM   OBSERVED TIME   NORMAL DEPARTURE LAST
                VALUE   (LST)  VALUE  FROM      YEAR
                                      NORMAL
......................................................
TEMPERATURE (F)
 YESTERDAY
  MAXIMUM         58    546 PM  62     -4       56
  MINIMUM         20    456 AM  40    -20       42
  AVERAGE         39            51    -12       49

PRECIPITATION (IN)
  YESTERDAY        0.05          0.09  -0.04      T
  MONTH TO DATE    2.37          2.08   0.29     1.60
  SINCE MAR 1      2.85          3.98  -1.13     3.51
  SINCE JAN 1      4.93          6.76  -1.83     7.79

DEGREE DAYS
 HEATING
  YESTERDAY       26            14     12       16
  MONTH TO DATE  399           442    -43      445
  SINCE MAR 1   1393          1352     41     1620
  SINCE JUL 1   6897          6266    631     7184

 COOLING
  YESTERDAY        0             0      0        0
  MONTH TO DATE    0             0      0        0
  SINCE MAR 1      0             0      0        0
  SINCE JAN 1      0             0      0        0
......................................................


WIND (MPH)
  RESULTANT WIND SPEED   1   RESULTANT WIND DIRECTION  NE (60)
  HIGHEST WIND SPEED    14   HIGHEST WIND DIRECTION    NW (300)
  HIGHEST GUST SPEED    28   HIGHEST GUST DIRECTION    NW (320)
  AVERAGE WIND SPEED     3.7


SKY COVER
  AVERAGE SKY COVER 0.2


WEATHER CONDITIONS
 THE FOLLOWING WEATHER WAS RECORDED YESTERDAY.
  LIGHT RAIN


RELATIVE HUMIDITY (PERCENT)
 HIGHEST    91           500 AM
 LOWEST     21           400 PM
 AVERAGE    56

..........................................................


THE JACKSON MI CLIMATE NORMALS FOR TODAY
                         NORMAL
 MAXIMUM TEMPERATURE (F)   63
 MINIMUM TEMPERATURE (F)   40


SUNRISE AND SUNSET
APRIL 25 2015.........SUNRISE   642 AM EDT   SUNSET   830 PM EDT
APRIL 26 2015.........SUNRISE   641 AM EDT   SUNSET   831 PM EDT


-  INDICATES NEGATIVE NUMBERS.
R  INDICATES RECORD WAS SET OR TIED.
MM INDICATES DATA IS MISSING.
T  INDICATES TRACE AMOUNT.




$$
