000
CDUS43 KGRR 262131
CLILAN


CLIMATE REPORT
NATIONAL WEATHER SERVICE GRAND RAPIDS, MI
528 PM EDT SUN APR 26 2015


...................................

...THE LANSING MI CLIMATE SUMMARY FOR APRIL 26 2015...
VALID TODAY AS OF 0500 PM LOCAL TIME.

CLIMATE NORMAL PERIOD 1981 TO 2010
CLIMATE RECORD PERIOD 1864 TO 2015


WEATHER ITEM   OBSERVED TIME   RECORD YEAR NORMAL DEPARTURE LAST
                VALUE   (LST)  VALUE       VALUE  FROM      YEAR
                                                  NORMAL
..................................................................
TEMPERATURE (F)
 TODAY
  MAXIMUM         59    359 PM  88    1915  62     -3       55
  MINIMUM         28    546 AM  22    1874  41    -13       37
  AVERAGE         44                        51     -7       46

PRECIPITATION (IN)
  TODAY            0.00          0.85 1995   0.10  -0.10     0.00
  MONTH TO DATE    1.27                      2.63  -1.36     1.14
  SINCE MAR 1      2.01                      4.69  -2.68     2.83
  SINCE JAN 1      4.26                      7.81  -3.55     6.75

SNOWFALL (IN)
  TODAY            0.0           0.4  1945   0.0    0.0      0.0
  MONTH TO DATE    T                         1.8   -1.8      0.7
  SINCE MAR 1      1.9                       8.8   -6.9     11.1
  SINCE JUL 1     35.6                      51.0  -15.4     69.1
  SNOW DEPTH       0

DEGREE DAYS
 HEATING
  TODAY           21                        14      7       19
  MONTH TO DATE  455                       481    -26      482
  SINCE MAR 1   1446                      1410     36     1692
  SINCE JUL 1   6940                      6345    595     7233

 COOLING
  TODAY            0                         0      0        0
  MONTH TO DATE    0                         0      0        0
  SINCE MAR 1      0                         1     -1        0
  SINCE JAN 1      0                         1     -1        0
..................................................................


WIND (MPH)
  RESULTANT WIND SPEED   7   RESULTANT WIND DIRECTION   N (10)
  HIGHEST WIND SPEED    16   HIGHEST WIND DIRECTION     N (350)
  HIGHEST GUST SPEED    21   HIGHEST GUST DIRECTION    NE (40)
  AVERAGE WIND SPEED     7.6


SKY COVER
  AVERAGE SKY COVER 0.2


WEATHER CONDITIONS
 THE FOLLOWING WEATHER WAS RECORDED TODAY.
  NO SIGNIFICANT WEATHER WAS OBSERVED.


RELATIVE HUMIDITY (PERCENT)
 HIGHEST    78           500 AM
 LOWEST     33           200 PM
 AVERAGE    56

..........................................................


THE LANSING MI CLIMATE NORMALS FOR TOMORROW
                         NORMAL    RECORD    YEAR
 MAXIMUM TEMPERATURE (F)   63        84      1990
                                             1986
 MINIMUM TEMPERATURE (F)   41        24      1867


SUNRISE AND SUNSET
APRIL 26 2015.........SUNRISE   640 AM EDT   SUNSET   833 PM EDT
APRIL 27 2015.........SUNRISE   639 AM EDT   SUNSET   834 PM EDT


-  INDICATES NEGATIVE NUMBERS.
R  INDICATES RECORD WAS SET OR TIED.
MM INDICATES DATA IS MISSING.
T  INDICATES TRACE AMOUNT.




$$

JAM
