000
CDUS45 KVEF 180025
CLILAS


CLIMATE REPORT
NATIONAL WEATHER SERVICE LAS VEGAS, NV
525 PM PDT FRI APR 17 2015


...................................

...THE LAS VEGAS NV CLIMATE SUMMARY FOR APRIL 17 2015...
VALID TODAY AS OF 0500 PM LOCAL TIME.

CLIMATE NORMAL PERIOD 1981 TO 2010
CLIMATE RECORD PERIOD 1937 TO 2015


WEATHER ITEM   OBSERVED TIME   RECORD YEAR NORMAL DEPARTURE LAST
                VALUE   (LST)  VALUE       VALUE  FROM      YEAR
                                                  NORMAL
..................................................................
TEMPERATURE (F)
 TODAY
  MAXIMUM         80    359 PM  97    1989  79      1       91
  MINIMUM         54    424 AM  40    1976  56     -2       62
  AVERAGE         67                        68     -1       77

PRECIPITATION (IN)
  TODAY            0.00          0.01 1985   0.01  -0.01     0.00
                                      1970
  MONTH TO DATE    T                         0.11  -0.11      T
  SINCE OCT 1      1.99                      2.98  -0.99     1.72
  SINCE JAN 1      1.69                      1.85  -0.16     0.30

SNOWFALL (IN)
  TODAY            0.0           0.0    MM   0.0    0.0      0.0
  MONTH TO DATE    0.0                       0.0    0.0      0.0
  SINCE MAR 1      0.0                       0.0    0.0      0.0
  SINCE JUL 1      T                         0.3   -0.3      0.0
  SNOW DEPTH       0

DEGREE DAYS
 HEATING
  TODAY            0                         2     -2        0
  MONTH TO DATE   24                        48    -24       35
  SINCE MAR 1    100                       237   -137      120
  SINCE JUL 1   1207                      1928   -721     1506

 COOLING
  TODAY            2                         4     -2       12
  MONTH TO DATE   44                        51     -7      108
  SINCE MAR 1    182                        81    101      139
  SINCE JAN 1    192                        82    110      142
..................................................................


WIND (MPH)
  RESULTANT WIND SPEED   5   RESULTANT WIND DIRECTION   S (180)
  HIGHEST WIND SPEED    14   HIGHEST WIND DIRECTION     S (170)
  HIGHEST GUST SPEED    22   HIGHEST GUST DIRECTION    SW (230)
  AVERAGE WIND SPEED     5.8


SKY COVER
  POSSIBLE SUNSHINE  MM
  AVERAGE SKY COVER 0.0


WEATHER CONDITIONS
 THE FOLLOWING WEATHER WAS RECORDED TODAY.
  NO SIGNIFICANT WEATHER WAS OBSERVED.


RELATIVE HUMIDITY (PERCENT)
 HIGHEST    30           400 AM
 LOWEST      8           200 PM
 AVERAGE    19

..........................................................


THE LAS VEGAS NV CLIMATE NORMALS FOR TOMORROW
                         NORMAL    RECORD    YEAR
 MAXIMUM TEMPERATURE (F)   79        98      1946
 MINIMUM TEMPERATURE (F)   57        35      1963


SUNRISE AND SUNSET
APRIL 17 2015.........SUNRISE   605 AM PDT   SUNSET   716 PM PDT
APRIL 18 2015.........SUNRISE   604 AM PDT   SUNSET   717 PM PDT


-  INDICATES NEGATIVE NUMBERS.
R  INDICATES RECORD WAS SET OR TIED.
MM INDICATES DATA IS MISSING.
T  INDICATES TRACE AMOUNT.




$$
