000
CDUS46 KLOX 250120
CLILAX


CLIMATE REPORT
NATIONAL WEATHER SERVICE LOS ANGELES/OXNARD CA
620 PM PDT FRI APR 24 2015


...................................

...THE LOS ANGELES AIRPORT CLIMATE SUMMARY FOR APRIL 24 2015...
VALID TODAY AS OF 0600 PM LOCAL TIME.

CLIMATE NORMAL PERIOD 1981 TO 2010
CLIMATE RECORD PERIOD 1944 TO 2015


WEATHER ITEM   OBSERVED TIME   RECORD YEAR NORMAL DEPARTURE LAST
                VALUE   (LST)  VALUE       VALUE  FROM      YEAR
                                                  NORMAL
..................................................................
TEMPERATURE (F)
 TODAY
  MAXIMUM         64   1257 PM  82    1995  67     -3       73
  MINIMUM         58    855 AM  47    1963  55      3       56
                                      1960
  AVERAGE         61                        61      0       65

PRECIPITATION (IN)
  TODAY            0.00          0.10 1983   0.01  -0.01     0.00
  MONTH TO DATE    0.10                      0.60  -0.50     0.17
  SINCE OCT 1      6.81                     12.13  -5.32     4.33
  SINCE JAN 1      2.11                      8.41  -6.30     3.32

SNOWFALL (IN)
  TODAY            0.0
  MONTH TO DATE    0.0
  SINCE MAR 1      0.0
  SINCE JUL 1      0.0

DEGREE DAYS
 HEATING
  TODAY            4                         5     -1        0
  MONTH TO DATE   83                       133    -50       81
  SINCE MAR 1    158                       354   -196      171
  SINCE JUL 1    691                      1283   -592      726

 COOLING
  TODAY            0                         1     -1        0
  MONTH TO DATE   10                         3      7        9
  SINCE MAR 1     78                         9     69       28
  SINCE JAN 1    105                        18     87       44
..................................................................


WIND (MPH)
  HIGHEST WIND SPEED    14   HIGHEST WIND DIRECTION     W (260)
  HIGHEST GUST SPEED    18   HIGHEST GUST DIRECTION     W (250)
  AVERAGE WIND SPEED     6.4


SKY COVER
  POSSIBLE SUNSHINE  MM
  AVERAGE SKY COVER 0.9


WEATHER CONDITIONS
 THE FOLLOWING WEATHER WAS RECORDED TODAY.
  NO SIGNIFICANT WEATHER WAS OBSERVED.


RELATIVE HUMIDITY (PERCENT)
 HIGHEST    80          1200 AM
 LOWEST     67           100 PM
 AVERAGE    74

..........................................................


THE LOS ANGELES AIRPORT CLIMATE NORMALS FOR TOMORROW
                         NORMAL    RECORD    YEAR
 MAXIMUM TEMPERATURE (F)   67        80      1992
 MINIMUM TEMPERATURE (F)   55        46      1974
                                             1960


SUNRISE AND SUNSET
APRIL 24 2015.........SUNRISE   612 AM PDT   SUNSET   732 PM PDT
APRIL 25 2015.........SUNRISE   611 AM PDT   SUNSET   732 PM PDT


-  INDICATES NEGATIVE NUMBERS.
R  INDICATES RECORD WAS SET OR TIED.
MM INDICATES DATA IS MISSING.
T  INDICATES TRACE AMOUNT.




$$
