000
CDUS44 KLUB 210629
CLILBB


CLIMATE REPORT
NATIONAL WEATHER SERVICE LUBBOCK, TX
128 AM CDT TUE APR 21 2015


...................................

...THE LUBBOCK CLIMATE SUMMARY FOR APRIL 20 2015...

CLIMATE NORMAL PERIOD 1981 TO 2010
CLIMATE RECORD PERIOD 1911 TO 2015


WEATHER ITEM   OBSERVED TIME   RECORD YEAR NORMAL DEPARTURE LAST
                VALUE   (LST)  VALUE       VALUE  FROM      YEAR
                                                  NORMAL
..................................................................
TEMPERATURE (F)
 YESTERDAY
  MAXIMUM         70    503 PM  93    1925  77     -7       78
  MINIMUM         38    517 AM  30    1933  47     -9       53
  AVERAGE         54                        62     -8       66

PRECIPITATION (IN)
  YESTERDAY        0.00          1.01 1937   0.05  -0.05     0.03
  MONTH TO DATE    0.63                      0.86  -0.23     0.57
  SINCE MAR 1      0.93                      1.96  -1.03     0.74
  SINCE JAN 1      3.20                      3.36  -0.16     0.90

SNOWFALL (IN)
  YESTERDAY       MM             0.0  2002   0.0   MM        0.0
  MONTH TO DATE    0.0                       0.2   -0.2       T
  SINCE MAR 1      1.1                       0.8    0.3       T
  SINCE JUL 1     14.7                       8.2    6.5      4.2
  SNOW DEPTH       0

DEGREE DAYS
 HEATING
  YESTERDAY       11                         5      6        0
  MONTH TO DATE   85                       144    -59      142
  SINCE MAR 1    465                       559    -94      582
  SINCE JUL 1   3184                      3298   -114     3434

 COOLING
  YESTERDAY        0                         2     -2        1
  MONTH TO DATE   44                        25     19       20
  SINCE MAR 1     47                        32     15       23
  SINCE JAN 1     47                        32     15       23
..................................................................


WIND (MPH)
  RESULTANT WIND SPEED   6   RESULTANT WIND DIRECTION  SE (150)
  HIGHEST WIND SPEED    22   HIGHEST WIND DIRECTION     S (180)
  HIGHEST GUST SPEED    29   HIGHEST GUST DIRECTION    SE (150)
  AVERAGE WIND SPEED     9.3


SKY COVER
  AVERAGE SKY COVER 0.2


WEATHER CONDITIONS
 THE FOLLOWING WEATHER WAS RECORDED YESTERDAY.
  NO SIGNIFICANT WEATHER WAS OBSERVED.


RELATIVE HUMIDITY (PERCENT)
 HIGHEST    79           500 AM
 LOWEST     24           300 PM
 AVERAGE    52

..........................................................


THE LUBBOCK CLIMATE NORMALS FOR TODAY
                         NORMAL    RECORD    YEAR
 MAXIMUM TEMPERATURE (F)   77        98      1989
                                             1965
 MINIMUM TEMPERATURE (F)   48        28      1918


SUNRISE AND SUNSET
APRIL 21 2015.........SUNRISE   710 AM CDT   SUNSET   823 PM CDT
APRIL 22 2015.........SUNRISE   709 AM CDT   SUNSET   823 PM CDT


-  INDICATES NEGATIVE NUMBERS.
R  INDICATES RECORD WAS SET OR TIED.
MM INDICATES DATA IS MISSING.
T  INDICATES TRACE AMOUNT.




$$
