000
CDUS42 KILM 030850
CLILBT


CLIMATE REPORT
NATIONAL WEATHER SERVICE WILMINGTON NC
449 AM EDT SUN MAY 3 2015


...................................

...THE LUMBERTON NC CLIMATE SUMMARY FOR MAY 2 2015...

CLIMATE NORMAL PERIOD 1981 TO 2010
CLIMATE RECORD PERIOD 9999 TO 9999


WEATHER ITEM   OBSERVED TIME   NORMAL DEPARTURE LAST
                VALUE   (LST)  VALUE  FROM      YEAR
                                      NORMAL
......................................................
TEMPERATURE (F)
 YESTERDAY
  MAXIMUM         78    159 PM  79     -1       68
  MINIMUM         45    533 AM  53     -8       56
  AVERAGE         62            66     -4       62

PRECIPITATION (IN)
  YESTERDAY        0.00          0.06  -0.06     0.01
  MONTH TO DATE    0.02          0.12  -0.10     0.01
  SINCE MAR 1      6.09          6.27  -0.18     7.60
  SINCE JAN 1     15.55         12.14   3.41    13.67

DEGREE DAYS
 HEATING
  YESTERDAY        3             3      0        3
  MONTH TO DATE   10             6      4        3
  SINCE MAR 1    412           505    -93      635
  SINCE JUL 1   2776          2735     41     2931

 COOLING
  YESTERDAY        0             3     -3        0
  MONTH TO DATE    0             6     -6        5
  SINCE MAR 1     94            71     23       55
  SINCE JAN 1     94            74     20       56
......................................................


WIND (MPH)
  HIGHEST WIND SPEED    13   HIGHEST WIND DIRECTION     N (360)
  HIGHEST GUST SPEED    15   HIGHEST GUST DIRECTION    NE (30)
  AVERAGE WIND SPEED     3.6


SKY COVER
  POSSIBLE SUNSHINE  MM
  AVERAGE SKY COVER 0.2


WEATHER CONDITIONS
 THE FOLLOWING WEATHER WAS RECORDED YESTERDAY.
  FOG


RELATIVE HUMIDITY (PERCENT)
 HIGHEST   100           200 AM
 LOWEST     36           200 PM
 AVERAGE    68

..........................................................


THE LUMBERTON NC CLIMATE NORMALS FOR TODAY
                         NORMAL
 MAXIMUM TEMPERATURE (F)   79
 MINIMUM TEMPERATURE (F)   53


SUNRISE AND SUNSET
MAY  3 2015...........SUNRISE   624 AM EDT   SUNSET   802 PM EDT
MAY  4 2015...........SUNRISE   623 AM EDT   SUNSET   803 PM EDT


-  INDICATES NEGATIVE NUMBERS.
R  INDICATES RECORD WAS SET OR TIED.
MM INDICATES DATA IS MISSING.
T  INDICATES TRACE AMOUNT.




$$
