000
CDUS43 KLMK 040626
CLILEX


CLIMATE REPORT
NATIONAL WEATHER SERVICE LOUISVILLE KY
226 AM EDT MON MAY 4 2015


...................................

...THE LEXINGTON KY CLIMATE SUMMARY FOR MAY 3 2015...

CLIMATE NORMAL PERIOD 1981 TO 2010
CLIMATE RECORD PERIOD 1872 TO 2015


WEATHER ITEM   OBSERVED TIME   RECORD YEAR NORMAL DEPARTURE LAST
                VALUE   (LST)  VALUE       VALUE  FROM      YEAR
                                                  NORMAL
..................................................................
TEMPERATURE (F)
 YESTERDAY
  MAXIMUM         77    303 PM  88    1959  71      6       71
  MINIMUM         47    440 AM  32    2005  50     -3       43
  AVERAGE         62                        60      2       57

PRECIPITATION (IN)
  YESTERDAY        0.00          1.81 2011   0.16  -0.16     0.00
  MONTH TO DATE    0.00                      0.47  -0.47     0.00
  SINCE MAR 1     18.87                      8.14  10.73     8.88
  SINCE JAN 1     23.72                     14.54   9.18    15.92

SNOWFALL (IN)
  YESTERDAY        0.0          MM      MM   0.0    0.0      0.0
  MONTH TO DATE    0.0                       0.0    0.0      0.0
  SINCE MAR 1     17.1                       1.7   15.4      7.8
  SINCE JUL 1     40.0                      13.0   27.0     27.1
  SNOW DEPTH       0

DEGREE DAYS
 HEATING
  YESTERDAY        3                         6     -3        8
  MONTH TO DATE   18                        18      0       32
  SINCE MAR 1    927                       936     -9      954
  SINCE JUL 1   4905                      4507    398     4797

 COOLING
  YESTERDAY        0                         1     -1        0
  MONTH TO DATE    0                         3     -3        0
  SINCE MAR 1     12                        25    -13       15
  SINCE JAN 1     12                        25    -13       15
..................................................................


WIND (MPH)
  HIGHEST WIND SPEED    14   HIGHEST WIND DIRECTION     S (180)
  HIGHEST GUST SPEED    18   HIGHEST GUST DIRECTION     S (180)
  AVERAGE WIND SPEED     6.0


SKY COVER
  POSSIBLE SUNSHINE  MM
  AVERAGE SKY COVER 0.0


WEATHER CONDITIONS
 THE FOLLOWING WEATHER WAS RECORDED YESTERDAY.
  NO SIGNIFICANT WEATHER WAS OBSERVED.


RELATIVE HUMIDITY (PERCENT)
 HIGHEST    86           500 AM
 LOWEST     33           100 PM
 AVERAGE    60

..........................................................


THE LEXINGTON KY CLIMATE NORMALS FOR TODAY
                         NORMAL    RECORD    YEAR
 MAXIMUM TEMPERATURE (F)   71        88      1949
                                             1938
 MINIMUM TEMPERATURE (F)   50        31      1957


SUNRISE AND SUNSET
MAY  4 2015...........SUNRISE   639 AM EDT   SUNSET   832 PM EDT
MAY  5 2015...........SUNRISE   638 AM EDT   SUNSET   833 PM EDT


-  INDICATES NEGATIVE NUMBERS.
R  INDICATES RECORD WAS SET OR TIED.
MM INDICATES DATA IS MISSING.
T  INDICATES TRACE AMOUNT.




$$
