000
CDUS44 KSHV 210745
CLILFK


CLIMATE REPORT
NATIONAL WEATHER SERVICE SHREVEPORT, LA
245 AM CDT TUE APR 21 2015


...................................

...THE LUFKIN CLIMATE SUMMARY FOR APRIL 20 2015...

CLIMATE NORMAL PERIOD 1981 TO 2010
CLIMATE RECORD PERIOD 1906 TO 2015


WEATHER ITEM   OBSERVED TIME   RECORD YEAR NORMAL DEPARTURE LAST
                VALUE   (LST)  VALUE       VALUE  FROM      YEAR
                                                  NORMAL
..................................................................
TEMPERATURE (F)
 YESTERDAY
  MAXIMUM         75    438 PM  93    2011  79     -4       85
  MINIMUM         56    634 AM  35    1953  56      0       55
  AVERAGE         66                        68     -2       70

PRECIPITATION (IN)
  YESTERDAY        0.00          2.01 1982   0.10  -0.10     0.00
  MONTH TO DATE    3.20                      1.97   1.23     2.67
  SINCE DEC 1     20.24                     18.24   2.00    10.25
  SINCE JAN 1     18.19                     13.80   4.39     8.04

SNOWFALL (IN)
  YESTERDAY        0.0
  MONTH TO DATE    0.0
  SINCE MAR 1      0.0
  SINCE JUL 1      T
  SNOW DEPTH       0

DEGREE DAYS
 HEATING
  YESTERDAY        0                         2     -2        0
  MONTH TO DATE    6                        59    -53       56
  SINCE MAR 1    168                       269   -101      306
  SINCE JUL 1   1688                      1903   -215     2109

 COOLING
  YESTERDAY        1                         4     -3        5
  MONTH TO DATE  160                        66     94       70
  SINCE MAR 1    219                       107    112       87
  SINCE JAN 1    225                       126     99      105
..................................................................


WIND (MPH)
  HIGHEST WIND SPEED    18   HIGHEST WIND DIRECTION     N (10)
  HIGHEST GUST SPEED    24   HIGHEST GUST DIRECTION     N (10)
  AVERAGE WIND SPEED     5.8


SKY COVER
  POSSIBLE SUNSHINE  MM
  AVERAGE SKY COVER 0.0


WEATHER CONDITIONS
 THE FOLLOWING WEATHER WAS RECORDED YESTERDAY.
  NO SIGNIFICANT WEATHER WAS OBSERVED.


RELATIVE HUMIDITY (PERCENT)
 HIGHEST    84          1200 AM
 LOWEST     31          1100 AM
 AVERAGE    58

..........................................................


THE LUFKIN CLIMATE NORMALS FOR TODAY
                         NORMAL    RECORD    YEAR
 MAXIMUM TEMPERATURE (F)   79        91      2011
 MINIMUM TEMPERATURE (F)   56        37      1918


SUNRISE AND SUNSET
APRIL 21 2015.........SUNRISE   645 AM CDT   SUNSET   751 PM CDT
APRIL 22 2015.........SUNRISE   643 AM CDT   SUNSET   752 PM CDT


-  INDICATES NEGATIVE NUMBERS.
R  INDICATES RECORD WAS SET OR TIED.
MM INDICATES DATA IS MISSING.
T  INDICATES TRACE AMOUNT.




$$
