000
CDUS45 KPIH 010734
CLILLJ


CLIMATE REPORT
NATIONAL WEATHER SERVICE POCATELLO ID
131 AM MDT WED APR 1 2015


...................................

...THE CHALLIS ID CLIMATE SUMMARY FOR MARCH 31 2015...

CLIMATE NORMAL PERIOD 1981 TO 2010
CLIMATE RECORD PERIOD 1898 TO 2015


WEATHER ITEM   OBSERVED TIME   RECORD YEAR NORMAL DEPARTURE LAST
                VALUE   (LST)  VALUE       VALUE  FROM      YEAR
                                                  NORMAL
..................................................................
TEMPERATURE (F)
 YESTERDAY
  MAXIMUM         68    138 PM  72    1900  54     14       45
  MINIMUM         32    624 AM  11    1924  27      5       20
  AVERAGE         50                        40     10       33

PRECIPITATION (IN)
  YESTERDAY        0.02          0.38 1926   0.03  -0.01      T
  MONTH TO DATE    0.20                      0.71  -0.51     0.59
  SINCE OCT 1      2.57                      3.77  -1.20     2.41
  SINCE JAN 1      0.78                      1.84  -1.06     1.68

SNOWFALL (IN)
  YESTERDAY       MM
  MONTH TO DATE   MM
  SINCE MAR 1     MM
  SINCE JUL 1     MM
  SNOW DEPTH      MM

DEGREE DAYS
 HEATING
  YESTERDAY       15                        25    -10       32
  MONTH TO DATE  698                       896   -198      853
  SINCE MAR 1    698                       896   -198      853
  SINCE JUL 1   5836                      6945  -1109     6602

 COOLING
  YESTERDAY        0                         0      0        0
  MONTH TO DATE    0                         0      0        0
  SINCE MAR 1      0                         0      0        0
  SINCE JAN 1      0                         0      0        0
..................................................................


WIND (MPH)
  HIGHEST WIND SPEED    38   HIGHEST WIND DIRECTION     W (270)
  HIGHEST GUST SPEED    47   HIGHEST GUST DIRECTION     W (260)
  AVERAGE WIND SPEED     8.6


SKY COVER
  POSSIBLE SUNSHINE  MM
  AVERAGE SKY COVER 0.3


WEATHER CONDITIONS
 THE FOLLOWING WEATHER WAS RECORDED YESTERDAY.
  LIGHT RAIN


RELATIVE HUMIDITY (PERCENT)
 HIGHEST    76          1000 PM
 LOWEST     15           200 PM
 AVERAGE    46

..........................................................


THE CHALLIS ID CLIMATE NORMALS FOR TODAY
                         NORMAL    RECORD    YEAR
 MAXIMUM TEMPERATURE (F)   54        74      1966
 MINIMUM TEMPERATURE (F)   27         3      1936


SUNRISE AND SUNSET
APRIL  1 2015.........SUNRISE   718 AM MDT   SUNSET   804 PM MDT
APRIL  2 2015.........SUNRISE   716 AM MDT   SUNSET   805 PM MDT


-  INDICATES NEGATIVE NUMBERS.
R  INDICATES RECORD WAS SET OR TIED.
MM INDICATES DATA IS MISSING.
T  INDICATES TRACE AMOUNT.




$$
