000
CDUS45 KRIW 180736
CLILND


CLIMATE REPORT
NATIONAL WEATHER SERVICE RIVERTON WY
136 AM MDT SAT APR 18 2015


...................................

...THE LANDER WY CLIMATE SUMMARY FOR APRIL 17 2015...

CLIMATE NORMAL PERIOD 1981 TO 2010
CLIMATE RECORD PERIOD 1891 TO 2015


WEATHER ITEM   OBSERVED TIME   RECORD YEAR NORMAL DEPARTURE LAST
                VALUE   (LST)  VALUE       VALUE  FROM      YEAR
                                                  NORMAL
..................................................................
TEMPERATURE (F)
 YESTERDAY
  MAXIMUM         56    422 PM  80    1994  57     -1       62
  MINIMUM         33    721 AM   7    1945  32      1       25
  AVERAGE         45                        44      1       44

PRECIPITATION (IN)
  YESTERDAY        0.00          0.66 1968   0.06  -0.06     0.00
  MONTH TO DATE    1.82                      0.97   0.85     0.59
  SINCE MAR 1      2.37                      2.13   0.24     1.77
  SINCE JAN 1      3.93                      3.12   0.81     2.57

SNOWFALL (IN)
  YESTERDAY        0.0                       0.5   -0.5      0.0
  MONTH TO DATE   10.3                      10.0    0.3      4.3
  SINCE MAR 1     19.2                      26.1   -6.9     18.2
  SINCE JUL 1     73.1                      79.7   -6.6     73.5
  SNOW DEPTH       1

DEGREE DAYS
 HEATING
  YESTERDAY       20                        21     -1       21
  MONTH TO DATE  379                       391    -12      388
  SINCE MAR 1   1144                      1306   -162     1283
  SINCE JUL 1   6268                      7010   -742     7019

 COOLING
  YESTERDAY        0                         0      0        0
  MONTH TO DATE    0                         0      0        0
  SINCE MAR 1      0                         0      0        0
  SINCE JAN 1      0                         0      0        0
..................................................................


WIND (MPH)
  HIGHEST WIND SPEED    15   HIGHEST WIND DIRECTION    NW (330)
  HIGHEST GUST SPEED    21   HIGHEST GUST DIRECTION    NW (320)
  AVERAGE WIND SPEED     6.0


SKY COVER
  POSSIBLE SUNSHINE  MM
  AVERAGE SKY COVER 0.5


WEATHER CONDITIONS
 THE FOLLOWING WEATHER WAS RECORDED YESTERDAY.
  NO SIGNIFICANT WEATHER WAS OBSERVED.


RELATIVE HUMIDITY (PERCENT)
 HIGHEST    89          1200 AM
 LOWEST     35           400 PM
 AVERAGE    62

..........................................................


THE LANDER WY CLIMATE NORMALS FOR TODAY
                         NORMAL    RECORD    YEAR
 MAXIMUM TEMPERATURE (F)   57        78      1994
 MINIMUM TEMPERATURE (F)   32         7      1945


SUNRISE AND SUNSET
APRIL 18 2015.........SUNRISE   629 AM MDT   SUNSET   800 PM MDT
APRIL 19 2015.........SUNRISE   627 AM MDT   SUNSET   802 PM MDT


-  INDICATES NEGATIVE NUMBERS.
R  INDICATES RECORD WAS SET OR TIED.
MM INDICATES DATA IS MISSING.
T  INDICATES TRACE AMOUNT.




$$
