000
CDUS43 KJKL 070534
CLILOZ

CLIMATE REPORT
NATIONAL WEATHER SERVICE JACKSON KY
129 AM EDT THU MAY 7 2015

...................................

...THE LONDON KY CLIMATE SUMMARY FOR MAY 6 2015...

CLIMATE NORMAL PERIOD 1981 TO 2010
CLIMATE RECORD PERIOD 1954 TO 2015

WEATHER ITEM   OBSERVED TIME   RECORD YEAR NORMAL DEPARTURE LAST
                VALUE   (LST)  VALUE       VALUE  FROM      YEAR
                                                  NORMAL
..................................................................
TEMPERATURE (F)
 YESTERDAY
  MAXIMUM         87    236 PM  88    1959  74     13       87
  MINIMUM         56    555 AM  31    1968  51      5       54
  AVERAGE         72                        62     10       71

PRECIPITATION (IN)
  YESTERDAY        T             2.48 1984   0.16  -0.16     0.00
  MONTH TO DATE    T                         0.94  -0.94      T
  SINCE MAR 1     10.88                      9.04   1.84    10.25
  SINCE JAN 1     18.35                     16.29   2.06    16.76

SNOWFALL (IN)
  YESTERDAY       MM
  MONTH TO DATE   MM
  SINCE MAR 1     MM
  SINCE JUL 1     MM
  SNOW DEPTH      MM

DEGREE DAYS
 HEATING
  YESTERDAY        0                         4     -4        0
  MONTH TO DATE   20                        28     -8       29
  SINCE MAR 1    738                       853   -115      859
  SINCE JUL 1   4359                      4129    230     4366

 COOLING
  YESTERDAY        7                         2      5        6
  MONTH TO DATE   14                         7      7       10
  SINCE MAR 1     37                        33      4       35
  SINCE JAN 1     37                        33      4       35
..................................................................

WIND (MPH)
  HIGHEST WIND SPEED    12   HIGHEST WIND DIRECTION    SE (130)
  HIGHEST GUST SPEED    17   HIGHEST GUST DIRECTION    SE (140)
  AVERAGE WIND SPEED     2.2

SKY COVER
  POSSIBLE SUNSHINE  MM
  AVERAGE SKY COVER 0.3

WEATHER CONDITIONS
 THE FOLLOWING WEATHER WAS RECORDED YESTERDAY.
  LIGHT RAIN
  HAZE

RELATIVE HUMIDITY (PERCENT)
 HIGHEST    86           300 AM
 LOWEST     29           200 PM
 AVERAGE    58
..........................................................

THE LONDON KY CLIMATE NORMALS FOR TODAY
                         NORMAL    RECORD    YEAR
 MAXIMUM TEMPERATURE (F)   74        88      2014
 MINIMUM TEMPERATURE (F)   51        34      1989

SUNRISE AND SUNSET
MAY  7 2015...........SUNRISE   636 AM EDT   SUNSET   831 PM EDT
MAY  8 2015...........SUNRISE   635 AM EDT   SUNSET   831 PM EDT

-  INDICATES NEGATIVE NUMBERS.
R  INDICATES RECORD WAS SET OR TIED.
MM INDICATES DATA IS MISSING.
T  INDICATES TRACE AMOUNT.

$$

SHALLENBERGER
