000
CDUS46 KHNX 190821
CLIMAE


CLIMATE REPORT
NATIONAL WEATHER SERVICE SAN JOAQUIN VALLEY, CA
121 AM PDT SUN APR 19 2015


...................................

...THE MADERA CA AIRPORT CLIMATE SUMMARY FOR APRIL 18 2015...

CLIMATE NORMAL PERIOD 1981 TO 2010
CLIMATE RECORD PERIOD 1998 TO 2015


WEATHER ITEM   OBSERVED TIME   RECORD YEAR NORMAL DEPARTURE
                VALUE   (LST)  VALUE       VALUE  FROM
                                                  NORMAL
...............................................................
TEMPERATURE (F)
 YESTERDAY
  MAXIMUM         87    508 PM  88    1999  75     12
  MINIMUM         49    547 AM  37    2007  45      4
  AVERAGE         68                        60      8

PRECIPITATION (IN)
  YESTERDAY        0.00          0.05 2001   0.03  -0.03
  MONTH TO DATE    0.34                      0.58  -0.24
  SINCE OCT 1      4.60                     10.69  -6.09
  SINCE JAN 1      0.92                      6.96  -6.04

SNOWFALL (IN)
  YESTERDAY        0.0
  MONTH TO DATE    0.0
  SINCE MAR 1      0.0
  SINCE JUL 1      0.0
  SNOW DEPTH       0

DEGREE DAYS
 HEATING
  YESTERDAY        0
  MONTH TO DATE  109
  SINCE MAR 1    239
  SINCE JUL 1   1689

 COOLING
  YESTERDAY        3
  MONTH TO DATE    7
  SINCE MAR 1     37
  SINCE JAN 1     39
...............................................................


WIND (MPH)
  HIGHEST WIND SPEED     9   HIGHEST WIND DIRECTION    NW (320)
  HIGHEST GUST SPEED    12   HIGHEST GUST DIRECTION     W (260)
  AVERAGE WIND SPEED     4.5




RELATIVE HUMIDITY (PERCENT)
 HIGHEST    68
 LOWEST     10
 AVERAGE    39

..........................................................


THE MADERA CA AIRPORT CLIMATE NORMALS FOR TODAY
                         NORMAL    RECORD    YEAR
 MAXIMUM TEMPERATURE (F)   75        92      2009
 MINIMUM TEMPERATURE (F)   46        32      2002


SUNRISE AND SUNSET
APRIL 19 2015.........SUNRISE   621 AM PDT   SUNSET   739 PM PDT
APRIL 20 2015.........SUNRISE   620 AM PDT   SUNSET   740 PM PDT


-  INDICATES NEGATIVE NUMBERS.
R  INDICATES RECORD WAS SET OR TIED.
MM INDICATES DATA IS MISSING.
T  INDICATES TRACE AMOUNT.




$$
