000
CDAK49 PAMC 061035
CLIMCG

CLIMATE REPORT
NATIONAL WEATHER SERVICE MCGRATH, AK
235 AM AKDT WED MAY 6 2015

...................................
...THE MCGRATH AIRPORT CLIMATE SUMMARY FOR MAY 5 2015...

CLIMATE NORMAL PERIOD  1981 TO  2010
CLIMATE RECORD PERIOD  1940 TO  2015

WEATHER ITEM   OBSERVED TIME    RECORD YEAR NORMAL DEPARTURE LAST
               VALUE    (LST)   VALUE       VALUE  FROM      YEAR
                                                   NORMAL
...................................................................
TEMPERATURE
YESTERDAY
 MAXIMUM            63  0521 PM    65  1997     53      10     48
 MINIMUM            34  0611 AM    -1  1949     32       2     33
 AVERAGE            49                          42       7     41

PRECIPITATION
(INCHES)
 YESTERDAY        0.00           0.30  2002   0.03   -0.03      T
 MONTH TO DATE    0.07                        0.14   -0.07      T
 SINCE MAR 1      0.59                        1.69   -1.10   0.12
 SINCE JAN 1      1.03                        3.72   -2.69   1.81

SNOWFALL
(INCHES)
 YESTERDAY         0.0            2.6  1958    0.0     0.0    0.0
 MONTH TO DATE     0.0                         0.3    -0.3    0.0
 SINCE MAR 1       8.5                        16.7    -8.2    1.1
 SINCE JUL 1      41.6                        96.7   -55.1   47.1
 SNOW DEPTH (IN)     0                                          0

DEGREE DAYS
 HEATING
  YESTERDAY         16                          23      -7     24
  MONTH TO DATE     91                         119     -28     87
  SINCE MAR 1     2425                        2835    -410   2668
  SINCE JUL 1    11491                       13073   -1582  11495

 COOLING
  YESTERDAY          0                           0       0      0
  MONTH TO DATE      0                           0       0      0
  SINCE MAR 1        0                           0       0      0
  SINCE JAN 1        0                           0       0      0
...................................................................

WIND (MPH)
 HIGHEST WIND SPEED    10     HIGHEST WIND DIRECTION    220
 HIGHEST GUST SPEED    14     HIGHEST GUST DIRECTION    190
 AVERAGE WIND SPEED   2.6

WEATHER CONDITIONS
 THE FOLLOWING WEATHER WAS RECORDED YESTERDAY.
 NO SIGNIFICANT WEATHER WAS OBSERVED.
...................................................................

THE MCGRATH CLIMATE NORMALS FOR TODAY
                           NORMAL    RECORD   YEAR
 MAXIMUM TEMPERATURE (F)     53        66     2004
 MINIMUM TEMPERATURE (F)     32         5     1949

SUNRISE AND SUNSET
 MAY 6 2015..........SUNRISE  5:48 AM      SUNSET 10:54 PM
 MAY 7 2015..........SUNRISE  5:44 AM      SUNSET 10:57 PM

-  INDICATES NEGATIVE NUMBERS.
R  INDICATES RECORD HAS BEEN SET OR TIED.
MM INDICATES DATA IS MISSING.
T  INDICATES TRACE OF PRECIPITATION.

&&
-------------------------------------------------------------------

AMOUNT OF DAYLIGHT TODAY  (HOUR:MIN)........17 HOURS 6 MINUTES
GAIN SINCE YESTERDAY (HOUR:MIN:SEC)....+0:06:06

$$
ADJ MAY 15
