000
CDUS43 KEAX 190633
CLIMCI

CLIMATE REPORT
NATIONAL WEATHER SERVICE KANSAS CITY/PLEASANT HILL MO
132 AM CDT SUN APR 19 2015


...................................

...THE KANSAS CITY INTERNATIONAL MO CLIMATE SUMMARY FOR APRIL 18 2015...

CLIMATE NORMAL PERIOD 1981 TO 2010
CLIMATE RECORD PERIOD 1888 TO 2015


WEATHER ITEM   OBSERVED TIME   RECORD YEAR NORMAL DEPARTURE LAST
                VALUE   (LST)  VALUE       VALUE  FROM      YEAR
                                                  NORMAL
..................................................................
TEMPERATURE (F)
 YESTERDAY
  MAXIMUM         65    119 AM  91    2006  67     -2       68
  MINIMUM         56    856 PM  27    1983  45     11       33
  AVERAGE         61                        56      5       51

PRECIPITATION (IN)
  YESTERDAY        0.76          2.35 1927   0.12   0.64     0.00
  MONTH TO DATE    2.45                      1.97   0.48     1.24
  SINCE MAR 1      3.33                      4.34  -1.01     2.85
  SINCE JAN 1      5.51                      6.87  -1.36     4.60

SNOWFALL (IN)
  YESTERDAY        0.0           0.5  1907   0.0    0.0      0.0
  MONTH TO DATE    0.0                       0.5   -0.5      0.1
  SINCE MAR 1      T                         2.5   -2.5      3.6
  SINCE JUL 1     14.2                      18.7   -4.5     26.2
  SNOW DEPTH       0

DEGREE DAYS
 HEATING
  YESTERDAY        4                        10     -6       14
  MONTH TO DATE  122                       230   -108      272
  SINCE MAR 1    684                       876   -192     1037
  SINCE JUL 1   4898                      4921    -23     5603

 COOLING
  YESTERDAY        0                         1     -1        0
  MONTH TO DATE    7                        12     -5        6
  SINCE MAR 1      9                        15     -6        6
  SINCE JAN 1      9                        15     -6        6
..................................................................


WIND (MPH)
  HIGHEST WIND SPEED    24   HIGHEST WIND DIRECTION    SW (220)
  HIGHEST GUST SPEED    32   HIGHEST GUST DIRECTION     W (250)
  AVERAGE WIND SPEED     8.1


SKY COVER
  POSSIBLE SUNSHINE  MM
  AVERAGE SKY COVER 0.8


WEATHER CONDITIONS
 THE FOLLOWING WEATHER WAS RECORDED YESTERDAY.
  THUNDERSTORM
  RAIN
  LIGHT RAIN
  FOG


RELATIVE HUMIDITY (PERCENT)
 HIGHEST   100           800 PM
 LOWEST     78          1200 AM
 AVERAGE    89

..........................................................


THE KANSAS CITY INTERNATIONAL MO CLIMATE NORMALS FOR TODAY
                         NORMAL    RECORD    YEAR
 MAXIMUM TEMPERATURE (F)   67        89      1987
 MINIMUM TEMPERATURE (F)   45        30      1953


SUNRISE AND SUNSET
APRIL 19 2015.........SUNRISE   636 AM CDT   SUNSET   800 PM CDT
APRIL 20 2015.........SUNRISE   635 AM CDT   SUNSET   801 PM CDT


-  INDICATES NEGATIVE NUMBERS.
R  INDICATES RECORD WAS SET OR TIED.
MM INDICATES DATA IS MISSING.
T  INDICATES TRACE AMOUNT.



&&

...MISCELLANEOUS CLIMATE DATA FROM YESTERDAY...

LOCATION                HIGH    LOW      PRECIP
ST. JOSEPH               64      52       0.64
DOWNTOWN KANSAS CITY     66      60       0.52
OLATHE NEW CENTURY       66      58       0.35
OLATHE JO CO EXEC        65      58       0.27
LEES SUMMIT              64      58       0.55
KIRKSVILLE               74      57       0.77
CHILLICOTHE              72      57       0.42
SEDALIA                  72      57       0.92
NWS PLEASANT HILL MO     64      56       0.62


THIS PRODUCT...ALONG WITH OTHER WEATHER...HYDROLOGICAL AND CLIMATE
INFORMATION...IS AVAILABLE ON THE WEB AT HTTP://WWW.CRH.NOAA.GOV/EAX
OR AT HTTP://WEATHER.GOV

$$
