000
CDUS46 KMFR 190837
CLIMHS


CLIMATE REPORT
NATIONAL WEATHER SERVICE MEDFORD, OR
137 AM PDT SUN APR 19 2015


...................................

...THE MT SHASTA CITY CA CLIMATE SUMMARY FOR APRIL 18 2015...

CLIMATE NORMAL PERIOD 1981 TO 2010
CLIMATE RECORD PERIOD 1908 TO 2015


WEATHER ITEM   OBSERVED TIME   RECORD YEAR NORMAL DEPARTURE LAST
                VALUE   (LST)  VALUE       VALUE  FROM      YEAR
                                                  NORMAL
..................................................................
TEMPERATURE (F)
 YESTERDAY
  MAXIMUM         76    206 PM  78    1939  61     15       69
  MINIMUM         44    609 AM  18    1955  34     10       38
  AVERAGE         60                        48     12       54

PRECIPITATION (IN)
  YESTERDAY        0.01          0.80 2001   0.09  -0.08     0.00
  MONTH TO DATE    1.37                      1.89  -0.52     0.56
  SINCE OCT 1     32.80                     37.35  -4.55    12.08
  SINCE JAN 1     13.28                     22.14  -8.86    10.97

SNOWFALL (IN)
  YESTERDAY       MM                         0.1   MM       MM
  MONTH TO DATE   MM                         4.3   MM       MM
  SINCE JUL 1     MM                        90.4   MM        0.0
  SNOW DEPTH      MM

DEGREE DAYS
 HEATING
  YESTERDAY        5                        18    -13       11
  MONTH TO DATE  346                       344      2      235
  SINCE MAR 1    835                      1048   -213      839
  SINCE JUL 1   3801                      5023  -1222     4455

 COOLING
  YESTERDAY        0                         0      0        0
  MONTH TO DATE    0                         0      0        0
  SINCE MAR 1      0                         0      0        0
  SINCE JAN 1      0                         0      0        0
..................................................................


WIND (MPH)
  HIGHEST WIND SPEED    12   HIGHEST WIND DIRECTION     W (290)
  HIGHEST GUST SPEED    21   HIGHEST GUST DIRECTION    NW (300)
  AVERAGE WIND SPEED     3.7


SKY COVER
  POSSIBLE SUNSHINE  MM
  AVERAGE SKY COVER 0.0


WEATHER CONDITIONS
 THE FOLLOWING WEATHER WAS RECORDED YESTERDAY.
  LIGHT RAIN


RELATIVE HUMIDITY (PERCENT)
 HIGHEST    70           600 AM
 LOWEST     24           600 PM

..........................................................


THE MT SHASTA CITY CA CLIMATE NORMALS FOR TODAY
                         NORMAL    RECORD    YEAR
 MAXIMUM TEMPERATURE (F)   62        83      1950
 MINIMUM TEMPERATURE (F)   34        17      1927


SUNRISE AND SUNSET
APRIL 19 2015.........SUNRISE   624 AM PDT   SUNSET   754 PM PDT
APRIL 20 2015.........SUNRISE   622 AM PDT   SUNSET   755 PM PDT


-  INDICATES NEGATIVE NUMBERS.
R  INDICATES RECORD WAS SET OR TIED.
MM INDICATES DATA IS MISSING.
T  INDICATES TRACE AMOUNT.




$$
