000
CDUS42 KMFL 260821
CLIMIA


CLIMATE REPORT
NATIONAL WEATHER SERVICE MIAMI, FL
421 AM EDT SUN APR 26 2015


...................................

...THE MIAMI CLIMATE SUMMARY FOR APRIL 25 2015...

CLIMATE NORMAL PERIOD 1981 TO 2010
CLIMATE RECORD PERIOD 1895 TO 2015


WEATHER ITEM   OBSERVED TIME   RECORD YEAR NORMAL DEPARTURE LAST
                VALUE   (LST)  VALUE       VALUE  FROM      YEAR
                                                  NORMAL
..................................................................
TEMPERATURE (F)
 YESTERDAY
  MAXIMUM         90    535 PM  93    1971  84      6       89
  MINIMUM         77    617 AM  54    1943  70      7       72
  AVERAGE         84                        77      7       81

PRECIPITATION (IN)
  YESTERDAY        0.51         14.85 1979   0.10   0.41      T
  MONTH TO DATE    1.86                      2.65  -0.79     1.18
  SINCE NOV 1     10.92                     14.83  -3.91    17.26
  SINCE JAN 1      6.94                      9.52  -2.58     6.86

SNOWFALL (IN)
  YESTERDAY        0.0
  MONTH TO DATE    0.0
  SINCE MAR 1      0.0
  SINCE JUL 1      0.0
  SNOW DEPTH       0

DEGREE DAYS
 HEATING
  YESTERDAY        0                         0      0        0
  MONTH TO DATE    0                         0      0        0
  SINCE MAR 1      0                        11    -11        0
  SINCE JUL 1     76                       127    -51       61

 COOLING
  YESTERDAY       19                        12      7       16
  MONTH TO DATE  387                       262    125      297
  SINCE MAR 1    759                       509    250      574
  SINCE JAN 1   1098                       831    267      995
..................................................................


WIND (MPH)
  HIGHEST WIND SPEED    22   HIGHEST WIND DIRECTION    SE (120)
  HIGHEST GUST SPEED    29   HIGHEST GUST DIRECTION    SE (120)
  AVERAGE WIND SPEED     7.8


SKY COVER
  POSSIBLE SUNSHINE  63 PERCENT
  AVERAGE SKY COVER 0.4


WEATHER CONDITIONS
 THE FOLLOWING WEATHER WAS RECORDED YESTERDAY.
  HEAVY RAIN
  LIGHT RAIN
  FOG


RELATIVE HUMIDITY (PERCENT)
 HIGHEST    85
 LOWEST     50
 AVERAGE    68

..........................................................


THE MIAMI CLIMATE NORMALS FOR TODAY
                         NORMAL    RECORD    YEAR
 MAXIMUM TEMPERATURE (F)   85        93      1988
 MINIMUM TEMPERATURE (F)   70        55      1983
                                             1910


SUNRISE AND SUNSET
APRIL 26 2015.........SUNRISE   649 AM EDT   SUNSET   750 PM EDT
APRIL 27 2015.........SUNRISE   648 AM EDT   SUNSET   750 PM EDT


-  INDICATES NEGATIVE NUMBERS.
R  INDICATES RECORD WAS SET OR TIED.
MM INDICATES DATA IS MISSING.
T  INDICATES TRACE AMOUNT.




$$
