000
CDUS43 KMKX 250644
CLIMKE


CLIMATE REPORT
NATIONAL WEATHER SERVICE IN MILWAUKEE
143 AM CDT SAT APR 25 2015


...................................

...THE MILWAUKEE WI CLIMATE SUMMARY FOR APRIL 24 2015...

CLIMATE NORMAL PERIOD 1981 TO 2010
CLIMATE RECORD PERIOD 1871 TO 2015


WEATHER ITEM   OBSERVED TIME   RECORD YEAR NORMAL DEPARTURE LAST
                VALUE   (LST)  VALUE       VALUE  FROM      YEAR
                                                  NORMAL
..................................................................
TEMPERATURE (F)
 YESTERDAY
  MAXIMUM         49   1142 AM  87    1990  57     -8       52
  MINIMUM         30    441 AM  27    1971  40    -10       37
  AVERAGE         40                        49     -9       45

PRECIPITATION (IN)
  YESTERDAY        0.15          3.01 1976   0.10   0.05     0.13
  MONTH TO DATE    5.22                      2.87   2.35     2.70
  SINCE MAR 1      6.05                      5.14   0.91     3.82
  SINCE JAN 1      7.77                      8.55  -0.78     6.56

SNOWFALL (IN)
  YESTERDAY        0.0           0.6  1980   0.0    0.0      0.0
  MONTH TO DATE    T                         1.9   -1.9      0.3
  SINCE MAR 1      4.9                       8.9   -4.0      6.6
  SINCE JUL 1     43.0                      46.7   -3.7     63.4
  SNOW DEPTH       0

DEGREE DAYS
 HEATING
  YESTERDAY       25                        17      8       20
  MONTH TO DATE  441                       496    -55      509
  SINCE MAR 1   1372                      1425    -53     1619
  SINCE JUL 1   6704                      6405    299     7275

 COOLING
  YESTERDAY        0                         0      0        0
  MONTH TO DATE    0                         0      0        0
  SINCE MAR 1      0                         0      0        0
  SINCE JAN 1      0                         0      0        0
..................................................................


WIND (MPH)
  HIGHEST WIND SPEED    14   HIGHEST WIND DIRECTION    NE (60)
  HIGHEST GUST SPEED    16   HIGHEST GUST DIRECTION    NE (60)
  AVERAGE WIND SPEED     6.0


SKY COVER
  POSSIBLE SUNSHINE  MM
  AVERAGE SKY COVER 0.6


WEATHER CONDITIONS
 THE FOLLOWING WEATHER WAS RECORDED YESTERDAY.
  RAIN
  LIGHT RAIN
  HAZE


RELATIVE HUMIDITY (PERCENT)
 HIGHEST    85          1000 PM
 LOWEST     42           800 AM
 AVERAGE    64

..........................................................


THE MILWAUKEE WI CLIMATE NORMALS FOR TODAY
                         NORMAL    RECORD    YEAR
 MAXIMUM TEMPERATURE (F)   57        87      1990
 MINIMUM TEMPERATURE (F)   40        27      1887


SUNRISE AND SUNSET
APRIL 25 2015.........SUNRISE   555 AM CDT   SUNSET   745 PM CDT
APRIL 26 2015.........SUNRISE   553 AM CDT   SUNSET   746 PM CDT


-  INDICATES NEGATIVE NUMBERS.
R  INDICATES RECORD WAS SET OR TIED.
MM INDICATES DATA IS MISSING.
T  INDICATES TRACE AMOUNT.




$$
