000
CDUS43 KGRR 190518
CLIMKG


CLIMATE REPORT
NATIONAL WEATHER SERVICE GRAND RAPIDS, MI
117 AM EDT SUN APR 19 2015


...................................

...THE MUSKEGON MI CLIMATE SUMMARY FOR APRIL 18 2015...

CLIMATE NORMAL PERIOD 1981 TO 2010
CLIMATE RECORD PERIOD 1896 TO 2015


WEATHER ITEM   OBSERVED TIME   RECORD YEAR NORMAL DEPARTURE LAST
                VALUE   (LST)  VALUE       VALUE  FROM      YEAR
                                                  NORMAL
..................................................................
TEMPERATURE (F)
 YESTERDAY
  MAXIMUM         76    239 PM  84    2002  57     19       55
  MINIMUM         44    622 AM  20    1907  38      6       36
  AVERAGE         60                        48     12       46

PRECIPITATION (IN)
  YESTERDAY        0.00          2.02 2013   0.10  -0.10     0.00
  MONTH TO DATE    4.23                      1.75   2.48     1.89
  SINCE MAR 1      5.36                      4.00   1.36     3.56
  SINCE JAN 1      8.65                      7.86   0.79     8.69

SNOWFALL (IN)
  YESTERDAY        0.0           3.0  1912   0.0    0.0      0.0
  MONTH TO DATE    0.0                       2.1   -2.1      1.6
  SINCE MAR 1      4.0                      11.1   -7.1      9.1
  SINCE JUL 1     92.1                      93.5   -1.4    132.7
  SNOW DEPTH       0

DEGREE DAYS
 HEATING
  YESTERDAY        5                        17    -12       19
  MONTH TO DATE  307                       374    -67      401
  SINCE MAR 1   1314                      1304     10     1589
  SINCE JUL 1   6439                      6036    403     6729

 COOLING
  YESTERDAY        0                         0      0        0
  MONTH TO DATE    0                         0      0        0
  SINCE MAR 1      0                         0      0        0
  SINCE JAN 1      0                         0      0        0
..................................................................


WIND (MPH)
  RESULTANT WIND SPEED   8   RESULTANT WIND DIRECTION   E (80)
  HIGHEST WIND SPEED    21   HIGHEST WIND DIRECTION     E (90)
  HIGHEST GUST SPEED    28   HIGHEST GUST DIRECTION     E (100)
  AVERAGE WIND SPEED     9.2


SKY COVER
  AVERAGE SKY COVER 0.5


WEATHER CONDITIONS
 THE FOLLOWING WEATHER WAS RECORDED YESTERDAY.
  NO SIGNIFICANT WEATHER WAS OBSERVED.


RELATIVE HUMIDITY (PERCENT)
 HIGHEST    83           600 AM
 LOWEST     16          1000 PM
 AVERAGE    50

..........................................................


THE MUSKEGON MI CLIMATE NORMALS FOR TODAY
                         NORMAL    RECORD    YEAR
 MAXIMUM TEMPERATURE (F)   58        79      1957
 MINIMUM TEMPERATURE (F)   39        20      1983


SUNRISE AND SUNSET
APRIL 19 2015.........SUNRISE   657 AM EDT   SUNSET   832 PM EDT
APRIL 20 2015.........SUNRISE   655 AM EDT   SUNSET   833 PM EDT


-  INDICATES NEGATIVE NUMBERS.
R  INDICATES RECORD WAS SET OR TIED.
MM INDICATES DATA IS MISSING.
T  INDICATES TRACE AMOUNT.




$$
