000
CDUS42 KMLB 180630
CLIMLB


CLIMATE REPORT
NATIONAL WEATHER SERVICE MELBOURNE FL
227 AM EDT SAT APR 18 2015


...................................

...THE MELBOURNE CLIMATE SUMMARY FOR APRIL 17 2015...

CLIMATE NORMAL PERIOD 1981 TO 2010
CLIMATE RECORD PERIOD 1939 TO 2015


WEATHER ITEM   OBSERVED TIME   RECORD YEAR NORMAL DEPARTURE LAST
                VALUE   (LST)  VALUE       VALUE  FROM      YEAR
                                                  NORMAL
..................................................................
TEMPERATURE (F)
 YESTERDAY
  MAXIMUM         85   1158 AM  90    2006  81      4       76
                                      1972
  MINIMUM         70    625 AM  40    1984  60     10       71
  AVERAGE         78                        71      7       74

PRECIPITATION (IN)
  YESTERDAY        0.25          2.08 1942   0.06   0.19      T
  MONTH TO DATE    2.22                      1.28   0.94     1.61
  SINCE MAR 1      2.65                      4.56  -1.91     3.63
  SINCE JAN 1      8.76                      9.36  -0.60    10.69

SNOWFALL (IN)
  YESTERDAY        0.0
  MONTH TO DATE    0.0
  SINCE JUL 1      0.0

DEGREE DAYS
 HEATING
  YESTERDAY        0                         0      0        0
  MONTH TO DATE    0                        15    -15        3
  SINCE MAR 1     14                        86    -72       52
  SINCE JUL 1    424                       575   -151      358

 COOLING
  YESTERDAY       13                         6      7        9
  MONTH TO DATE  192                        85    107      118
  SINCE MAR 1    431                       184    247      229
  SINCE JAN 1    529                       282    247      397
..................................................................


WIND (MPH)
  HIGHEST WIND SPEED    14   HIGHEST WIND DIRECTION     W (250)
  HIGHEST GUST SPEED    16   HIGHEST GUST DIRECTION     W (250)
  AVERAGE WIND SPEED     6.4


SKY COVER
  AVERAGE SKY COVER 0.6


WEATHER CONDITIONS
 THE FOLLOWING WEATHER WAS RECORDED YESTERDAY.
  THUNDERSTORM
  HEAVY RAIN
  RAIN
  LIGHT RAIN
  FOG
  FOG W/VISIBILITY <= 1/4 MILE


RELATIVE HUMIDITY (PERCENT)
 HIGHEST   100           100 AM
 LOWEST     61          1200 PM
 AVERAGE    81

..........................................................


THE MELBOURNE CLIMATE NORMALS FOR TODAY
                         NORMAL    RECORD    YEAR
 MAXIMUM TEMPERATURE (F)   81        90      1969
                                             1967
 MINIMUM TEMPERATURE (F)   60        45      1983


SUNRISE AND SUNSET
APRIL 18 2015.........SUNRISE   655 AM EDT   SUNSET   750 PM EDT
APRIL 19 2015.........SUNRISE   654 AM EDT   SUNSET   750 PM EDT


-  INDICATES NEGATIVE NUMBERS.
R  INDICATES RECORD WAS SET OR TIED.
MM INDICATES DATA IS MISSING.
T  INDICATES TRACE AMOUNT.




$$
