000
CDUS45 KBYZ 280936
CLIMLS


CLIMATE REPORT
NATIONAL WEATHER SERVICE BILLINGS MT
334 AM MDT TUE APR 28 2015


...................................

...THE MILES CITY MT CLIMATE SUMMARY FOR APRIL 27 2015...

CLIMATE NORMAL PERIOD 1981 TO 2010
CLIMATE RECORD PERIOD 1937 TO 2015


WEATHER ITEM   OBSERVED TIME   RECORD YEAR NORMAL DEPARTURE LAST
                VALUE   (LST)  VALUE       VALUE  FROM      YEAR
                                                  NORMAL
..................................................................
TEMPERATURE (F)
 YESTERDAY
  MAXIMUM         53    600 PM  85    2004  63    -10       52
                                      2001
                                      1992
  MINIMUM         37    414 AM  20    1956  37      0       37
  AVERAGE         45                        50     -5       45

PRECIPITATION (IN)
  YESTERDAY        0.00          2.06        0.06  -0.06     0.06
  MONTH TO DATE    0.45                      1.18  -0.73     0.27
  SINCE OCT 1      1.91                      3.93  -2.02     3.51
  SINCE JAN 1      0.90                      2.33  -1.43     1.83

DEGREE DAYS
 HEATING
  YESTERDAY       20                        15      5       20
  MONTH TO DATE  496                       527    -31      543
  SINCE MAR 1   1161                      1468   -307     1598
  SINCE JUL 1   6631                      7202   -571     7637

 COOLING
  YESTERDAY        0                         0      0        0
  MONTH TO DATE    0                         0      0        0
  SINCE MAR 1      0                         0      0        0
  SINCE JAN 1      0                         0      0        0
..................................................................


WIND (MPH)
  HIGHEST WIND SPEED    13   HIGHEST WIND DIRECTION    NW (310)
  HIGHEST GUST SPEED    16   HIGHEST GUST DIRECTION    NW (300)
  AVERAGE WIND SPEED     6.4


SKY COVER
  POSSIBLE SUNSHINE  MM
  AVERAGE SKY COVER 0.7


WEATHER CONDITIONS
 THE FOLLOWING WEATHER WAS RECORDED YESTERDAY.
  LIGHT RAIN


RELATIVE HUMIDITY (PERCENT)
 HIGHEST    92           200 AM
 LOWEST     50           500 PM
 AVERAGE    71

..........................................................


THE MILES CITY MT CLIMATE NORMALS FOR TODAY
                         NORMAL    RECORD    YEAR
 MAXIMUM TEMPERATURE (F)   63        91      1952
 MINIMUM TEMPERATURE (F)   37        21      1984
                                             1966


SUNRISE AND SUNSET
APRIL 28 2015.........SUNRISE   554 AM MDT   SUNSET   808 PM MDT
APRIL 29 2015.........SUNRISE   553 AM MDT   SUNSET   810 PM MDT


-  INDICATES NEGATIVE NUMBERS.
R  INDICATES RECORD WAS SET OR TIED.
MM INDICATES DATA IS MISSING.
T  INDICATES TRACE AMOUNT.





&&

THIS IS AN AUTOMATED...UNATTENDED WEATHER STATION AND MAY
UNDERESTIMATE WINTER PRECIPITATION.

$$
