000
CDUS46 KPQR 211144
CLIMMV


CLIMATE REPORT
NATIONAL WEATHER SERVICE PORTLAND OREGON
444 AM PDT TUE APR 21 2015


...................................

...THE MCMINNVILLE OR CLIMATE SUMMARY FOR APRIL 20 2015...

CLIMATE NORMAL PERIOD 1981 TO 2010
CLIMATE RECORD PERIOD 1894 TO 2015


WEATHER ITEM   OBSERVED TIME   RECORD YEAR NORMAL DEPARTURE LAST
                VALUE   (LST)  VALUE       VALUE  FROM      YEAR
                                                  NORMAL
..................................................................
TEMPERATURE (F)
 YESTERDAY
  MAXIMUM         79    333 PM  90    1906  62     17       64
  MINIMUM         42    549 AM  27    1952  40      2       36
  AVERAGE         61                        51     10       50

PRECIPITATION (IN)
  YESTERDAY        0.00          0.68 1980   0.10  -0.10     0.00
  MONTH TO DATE    1.26                      2.12  -0.86     1.28
  SINCE OCT 1     30.60                     32.72  -2.12    21.85
  SINCE JAN 1     14.36                     16.69  -2.33    16.89

DEGREE DAYS
 HEATING
  YESTERDAY        4                        14    -10       15
  MONTH TO DATE  306                       313     -7      259
  SINCE JUL 1   3216                      4264  -1048     4190

 COOLING
  YESTERDAY        0                         0      0        0
  MONTH TO DATE    0                         0      0        0
  SINCE JAN 1      0                         0      0        0
..................................................................


WIND (MPH)
  HIGHEST WIND SPEED    13   HIGHEST WIND DIRECTION    SW (210)
  HIGHEST GUST SPEED    17   HIGHEST GUST DIRECTION    SW (220)
  AVERAGE WIND SPEED     2.4


SKY COVER
  POSSIBLE SUNSHINE  MM
  AVERAGE SKY COVER 0.0


WEATHER CONDITIONS
 THE FOLLOWING WEATHER WAS RECORDED YESTERDAY.
  NO SIGNIFICANT WEATHER WAS OBSERVED.


RELATIVE HUMIDITY (PERCENT)
 HIGHEST    96           500 AM
 LOWEST     36           400 PM
 AVERAGE    66

..........................................................


THE MCMINNVILLE OR CLIMATE NORMALS FOR TODAY
                         NORMAL    RECORD    YEAR
 MAXIMUM TEMPERATURE (F)   62        81      1956
 MINIMUM TEMPERATURE (F)   40        27      1970


SUNRISE AND SUNSET
APRIL 21 2015.........SUNRISE   517 AM PST   SUNSET   706 PM PST
APRIL 22 2015.........SUNRISE   516 AM PST   SUNSET   707 PM PST


-  INDICATES NEGATIVE NUMBERS.
R  INDICATES RECORD WAS SET OR TIED.
MM INDICATES DATA IS MISSING.
T  INDICATES TRACE AMOUNT.




$$
