000
CDUS46 KSTO 180836
CLIMOD


CLIMATE REPORT
NATIONAL WEATHER SERVICE SACRAMENTO, CA
136 AM PDT SAT APR 18 2015


...................................

...THE MODESTO CA CLIMATE SUMMARY FOR APRIL 17 2015...

CLIMATE NORMAL PERIOD 1981 TO 2010
CLIMATE RECORD PERIOD 1931 TO 2015


WEATHER ITEM   OBSERVED TIME   RECORD YEAR NORMAL DEPARTURE LAST
                VALUE   (LST)  VALUE       VALUE  FROM      YEAR
                                                  NORMAL
..................................................................
TEMPERATURE (F)
 YESTERDAY
  MAXIMUM         86    400 PM  92    1954  75     11       86
  MINIMUM         47    549 AM  37    1933  49     -2       52
  AVERAGE         67

PRECIPITATION (IN)
  YESTERDAY        0.00          1.63 2000   0.03  -0.03     0.00
  MONTH TO DATE    0.42                      0.61  -0.19     0.59
  SINCE OCT 1      9.77                     11.72  -1.95     6.50
  SINCE JAN 1      2.37                      7.64  -5.27     5.14

SNOWFALL (IN)
  YESTERDAY        0.0          MM      MM
  MONTH TO DATE    0.0
  SINCE MAR 1      0.0
  SINCE JUL 1      0.0
  SNOW DEPTH       0

DEGREE DAYS
 HEATING
  YESTERDAY        0                         4     -4        0
  MONTH TO DATE   79                        89    -10       65
  SINCE MAR 1    173                       326   -153      226
  SINCE JUL 1   1585                      2094   -509     1924

 COOLING
  YESTERDAY        2                         1      1        4
  MONTH TO DATE    3                        13    -10       36
  SINCE MAR 1     35                        18     17       36
  SINCE JAN 1     35                        18     17       36
..................................................................


WIND (MPH)
  RESULTANT WIND SPEED   1   RESULTANT WIND DIRECTION   N (10)
  HIGHEST WIND SPEED    14   HIGHEST WIND DIRECTION    NW (330)
  HIGHEST GUST SPEED    19   HIGHEST GUST DIRECTION    NE (30)


SKY COVER
  POSSIBLE SUNSHINE  MM
  AVERAGE SKY COVER 0.0


WEATHER CONDITIONS
 THE FOLLOWING WEATHER WAS RECORDED YESTERDAY.
  NO SIGNIFICANT WEATHER WAS OBSERVED.


RELATIVE HUMIDITY (PERCENT)
 HIGHEST    82           500 AM
 LOWEST     12           500 PM
 AVERAGE    47

..........................................................


THE MODESTO CA CLIMATE NORMALS FOR TODAY
                         NORMAL    RECORD    YEAR
 MAXIMUM TEMPERATURE (F)   75        92      1954
 MINIMUM TEMPERATURE (F)   50        35      1933


SUNRISE AND SUNSET
APRIL 18 2015.........SUNRISE   625 AM PDT   SUNSET   742 PM PDT
APRIL 19 2015.........SUNRISE   624 AM PDT   SUNSET   743 PM PDT


-  INDICATES NEGATIVE NUMBERS.
R  INDICATES RECORD WAS SET OR TIED.
MM INDICATES DATA IS MISSING.
T  INDICATES TRACE AMOUNT.




$$
