000
CDUS43 KBIS 280724
CLIMOT


CLIMATE REPORT
NATIONAL WEATHER SERVICE BISMARCK ND
224 AM CDT TUE APR 28 2015


...................................

...THE MINOT ND CLIMATE SUMMARY FOR APRIL 27 2015...

CLIMATE NORMAL PERIOD 1981 TO 2010
CLIMATE RECORD PERIOD 1897 TO 2015


WEATHER ITEM   OBSERVED TIME   RECORD YEAR NORMAL DEPARTURE LAST
                VALUE   (LST)  VALUE       VALUE  FROM      YEAR
                                                  NORMAL
..................................................................
TEMPERATURE (F)
 YESTERDAY
  MAXIMUM         54    536 PM  91    1910  61     -7       41
  MINIMUM         40    756 AM  10    1909  36      4       34
  AVERAGE         47                        48     -1       38

PRECIPITATION (IN)
  YESTERDAY        0.19          3.89 1984   0.05   0.14     0.49
  MONTH TO DATE    0.58                      0.97  -0.39     1.33
  SINCE MAR 1      0.95                      1.81  -0.86     1.38
  SINCE JAN 1      1.42                      2.72  -1.30     1.74

DEGREE DAYS
 HEATING
  YESTERDAY       18                        17      1       27
  MONTH TO DATE  595                       605    -10      706
  SINCE MAR 1   1556                      1744   -188     1989
  SINCE JUL 1   8244                      8320    -76     9222

 COOLING
  YESTERDAY        0                         0      0        0
  MONTH TO DATE    0                         0      0        0
  SINCE MAR 1      0                         0      0        0
  SINCE JAN 1      0                         0      0        0
..................................................................


WIND (MPH)
  HIGHEST WIND SPEED    17   HIGHEST WIND DIRECTION    NW (330)
  HIGHEST GUST SPEED    22   HIGHEST GUST DIRECTION    NW (330)
  AVERAGE WIND SPEED     8.5


SKY COVER
  POSSIBLE SUNSHINE  MM
  AVERAGE SKY COVER 0.7


WEATHER CONDITIONS
 THE FOLLOWING WEATHER WAS RECORDED YESTERDAY.
  LIGHT RAIN
  FOG


RELATIVE HUMIDITY (PERCENT)
 HIGHEST    93          1200 AM
 LOWEST     59           500 PM
 AVERAGE    76

..........................................................


THE MINOT ND CLIMATE NORMALS FOR TODAY
                         NORMAL    RECORD    YEAR
 MAXIMUM TEMPERATURE (F)   61        92      2001
                                             1952
 MINIMUM TEMPERATURE (F)   37        13      1958


SUNRISE AND SUNSET
APRIL 28 2015.........SUNRISE   632 AM CDT   SUNSET   854 PM CDT
APRIL 29 2015.........SUNRISE   630 AM CDT   SUNSET   856 PM CDT


-  INDICATES NEGATIVE NUMBERS.
R  INDICATES RECORD WAS SET OR TIED.
MM INDICATES DATA IS MISSING.
T  INDICATES TRACE AMOUNT.




$$
