000
CDUS41 KLWX 260533
CLIMRB


CLIMATE REPORT
NATIONAL WEATHER SERVICE BALTIMORE MD/WASHINGTON DC
132 AM EDT SUN APR 26 2015


...................................

...THE MARTINSBURG WV CLIMATE SUMMARY FOR APRIL 25 2015...

CLIMATE NORMAL PERIOD 1981 TO 2010
CLIMATE RECORD PERIOD 1926 TO 2015


WEATHER ITEM   OBSERVED TIME   RECORD YEAR NORMAL DEPARTURE LAST
                VALUE   (LST)  VALUE       VALUE  FROM      YEAR
                                                  NORMAL
..................................................................
TEMPERATURE (F)
 YESTERDAY
  MAXIMUM         51    202 PM  92    2009  67    -16       70
  MINIMUM         40   1118 PM  25    1956  44     -4       42
  AVERAGE         46                        55     -9       56

PRECIPITATION (IN)
  YESTERDAY        0.26          2.13 2010   0.12   0.14     0.98
  MONTH TO DATE    2.76                      2.77  -0.01     2.32
  SINCE MAR 1      5.06                      6.29  -1.23     4.44
  SINCE JAN 1      7.35                     11.07  -3.72     8.19

DEGREE DAYS
 HEATING
  YESTERDAY       19                        10      9        9
  MONTH TO DATE  236                       339   -103      304
  SINCE MAR 1    978                      1053    -75     1139
  SINCE JUL 1   4901                      5009   -108     5232

 COOLING
  YESTERDAY        0                         0      0        0
  MONTH TO DATE    1                         0      1        7
  SINCE MAR 1      1                         1      0        7
  SINCE JAN 1      1                         1      0        7
..................................................................


WIND (MPH)
  HIGHEST WIND SPEED    10   HIGHEST WIND DIRECTION     N (360)
  HIGHEST GUST SPEED    13   HIGHEST GUST DIRECTION    NW (330)
  AVERAGE WIND SPEED     3.8


SKY COVER
  POSSIBLE SUNSHINE  MM
  AVERAGE SKY COVER 0.9


WEATHER CONDITIONS
 THE FOLLOWING WEATHER WAS RECORDED YESTERDAY.
  LIGHT RAIN
  FOG


RELATIVE HUMIDITY (PERCENT)
 HIGHEST    92           900 PM
 LOWEST     28           400 AM
 AVERAGE    60

..........................................................


THE MARTINSBURG WV CLIMATE NORMALS FOR TODAY
                         NORMAL    RECORD    YEAR
 MAXIMUM TEMPERATURE (F)   68        92      1990
 MINIMUM TEMPERATURE (F)   44        29      2001


SUNRISE AND SUNSET
APRIL 26 2015.........SUNRISE   620 AM EDT   SUNSET   800 PM EDT
APRIL 27 2015.........SUNRISE   618 AM EDT   SUNSET   801 PM EDT


-  INDICATES NEGATIVE NUMBERS.
R  INDICATES RECORD WAS SET OR TIED.
MM INDICATES DATA IS MISSING.
T  INDICATES TRACE AMOUNT.




$$
