000
CDUS41 KBTV 070541
CLIMSS


CLIMATE REPORT
NATIONAL WEATHER SERVICE BURLINGTON VT
140 AM EDT THU MAY 7 2015


...................................

...THE MASSENA NY CLIMATE SUMMARY FOR MAY 6 2015...

CLIMATE NORMAL PERIOD 1981 TO 2010
CLIMATE RECORD PERIOD 1948 TO 2015


WEATHER ITEM   OBSERVED TIME   RECORD YEAR NORMAL DEPARTURE LAST
                VALUE   (LST)  VALUE       VALUE  FROM      YEAR
                                                  NORMAL
..................................................................
TEMPERATURE (F)
 YESTERDAY
  MAXIMUM         76    422 PM  82    1999  64     12       57
  MINIMUM         36    448 AM  24    1968  40     -4       34
  AVERAGE         56                        52      4       46

PRECIPITATION (IN)
  YESTERDAY        0.00          0.84        0.10  -0.10     0.00
  MONTH TO DATE    0.19                      0.58  -0.39     0.47
  SINCE MAR 1      3.21                      5.49  -2.28     5.55
  SINCE JAN 1      4.63                      9.44  -4.81     8.29

DEGREE DAYS
 HEATING
  YESTERDAY        9                        13     -4       19
  MONTH TO DATE   38                        84    -46       90
  SINCE MAR 1   1973                      1879     94     2217
  SINCE JUL 1   8139                      7866    273     8386

 COOLING
  YESTERDAY        0                         0      0        0
  MONTH TO DATE    5                         0      5        0
  SINCE MAR 1      5                         1      4        0
  SINCE JAN 1      5                         1      4        0
..................................................................


WIND (MPH)
  HIGHEST WIND SPEED    15   HIGHEST WIND DIRECTION     W (280)
  HIGHEST GUST SPEED    19   HIGHEST GUST DIRECTION     W (250)
  AVERAGE WIND SPEED     4.9


SKY COVER
  AVERAGE SKY COVER 0.0


WEATHER CONDITIONS
 THE FOLLOWING WEATHER WAS RECORDED YESTERDAY.
  FOG


RELATIVE HUMIDITY (PERCENT)
 HIGHEST    92           400 AM
 LOWEST     21           200 PM
 AVERAGE    57

..........................................................


THE MASSENA NY CLIMATE NORMALS FOR TODAY
                         NORMAL    RECORD    YEAR
 MAXIMUM TEMPERATURE (F)   64        87      1982
 MINIMUM TEMPERATURE (F)   41        25      1968


SUNRISE AND SUNSET
MAY  7 2015...........SUNRISE   541 AM EDT   SUNSET   812 PM EDT
MAY  8 2015...........SUNRISE   539 AM EDT   SUNSET   813 PM EDT


-  INDICATES NEGATIVE NUMBERS.
R  INDICATES RECORD WAS SET OR TIED.
MM INDICATES DATA IS MISSING.
T  INDICATES TRACE AMOUNT.




$$
