000
CDUS42 KKEY 032038
CLIMTH

CLIMATE REPORT
NATIONAL WEATHER SERVICE KEY WEST, FL
432 PM EDT SUN MAY 3 2015

...................................

...THE MARATHON CLIMATE SUMMARY FOR MAY 3 2015...
VALID TODAY AS OF 0400 PM LOCAL TIME.

CLIMATE NORMAL PERIOD 1981 TO 2010

WEATHER ITEM   OBSERVED TIME   NORMAL DEPARTURE LAST
                VALUE   (LST)  VALUE  FROM      YEAR
                                      NORMAL
......................................................

TEMPERATURE (F)
 TODAY
  MAXIMUM         83    233 PM  84     -1       90
  MINIMUM         74    444 AM  74      0       74
  AVERAGE         79            79      0       82

PRECIPITATION (IN)
  TODAY            0.00          0.08  -0.08     0.08
  MONTH TO DATE    0.00          0.28  -0.28     0.08
  SINCE MAR 1      4.21          5.05  -0.84     1.90
  SINCE JAN 1      6.44          8.87  -2.43     5.59

SNOWFALL (IN)
  TODAY            0.0
  MONTH TO DATE    0.0
  SINCE MAR 1      0.0
  SINCE JUL 1      0.0
  SNOW DEPTH       0

DEGREE DAYS
 HEATING
  TODAY            0             0      0        0
  MONTH TO DATE    0             0      0        0
  SINCE MAR 1      0             6     -6        0
  SINCE JUL 1     50            81    -31       35

 COOLING
  TODAY           14            14      0       17
  MONTH TO DATE   41            42     -1       57
  SINCE MAR 1    965           696    269      810
  SINCE JAN 1   1352          1078    274     1316

......................................................

WIND (MPH)
  HIGHEST WIND SPEED    22   HIGHEST WIND DIRECTION     E (70)
  HIGHEST GUST SPEED    28   HIGHEST GUST DIRECTION     E (70)
  AVERAGE WIND SPEED    14.7

SKY COVER
  POSSIBLE SUNSHINE  MM
  AVERAGE SKY COVER 0.2

WEATHER CONDITIONS
 THE FOLLOWING WEATHER WAS RECORDED TODAY.
  NO SIGNIFICANT WEATHER WAS OBSERVED.

RELATIVE HUMIDITY (PERCENT)
 HIGHEST    64
 LOWEST     51
 AVERAGE    58

..........................................................

THE MARATHON CLIMATE NORMALS FOR TOMORROW
                         NORMAL
 MAXIMUM TEMPERATURE (F)   85
 MINIMUM TEMPERATURE (F)   74

SUNRISE AND SUNSET

MAY  3 2015...........SUNRISE   648 AM EDT   SUNSET   755 PM EDT
MAY  4 2015...........SUNRISE   647 AM EDT   SUNSET   755 PM EDT

-  INDICATES NEGATIVE NUMBERS.
R  INDICATES RECORD WAS SET OR TIED.
MM INDICATES DATA IS MISSING.
T  INDICATES TRACE AMOUNT.

$$
