000
CDUS43 KILX 260637
CLIMTO


CLIMATE REPORT
NATIONAL WEATHER SERVICE LINCOLN IL
136 AM CDT SUN APR 26 2015


...................................

...THE MATTOON IL AIRPORT CLIMATE SUMMARY FOR APRIL 25 2015...

CLIMATE NORMAL PERIOD 1981 TO 2010
CLIMATE RECORD PERIOD 9999 TO 9999


WEATHER ITEM   OBSERVED TIME   RECORD YEAR NORMAL DEPARTURE LAST
                VALUE   (LST)  VALUE       VALUE  FROM      YEAR
                                                  NORMAL
..................................................................
TEMPERATURE (F)
 YESTERDAY
  MAXIMUM         55   1208 AM  MM      MM  67    -12       71
  MINIMUM         45   1159 PM  MM      MM  47     -2       51
  AVERAGE         50                        57     -7       61

PRECIPITATION (IN)
  YESTERDAY        0.37         MM      MM   0.14   0.23     0.09
  MONTH TO DATE    3.73                      2.66   1.07     2.50
  SINCE MAR 1      6.24                      5.23   1.01     3.50
  SINCE JAN 1      7.59                      9.21  -1.62     5.43

DEGREE DAYS
 HEATING
  YESTERDAY       15                         9      6        4
  MONTH TO DATE  235                       322    -87      299
  SINCE MAR 1   1045                      1021     24     1188
  SINCE JUL 1   5738                      5225    513     6035

 COOLING
  YESTERDAY        0                         1     -1        0
  MONTH TO DATE    2                         6     -4        1
  SINCE MAR 1      2                         7     -5        1
  SINCE JAN 1      2                         7     -5        1
..................................................................


WIND (MPH)
  HIGHEST WIND SPEED    25   HIGHEST WIND DIRECTION    NE (30)
  HIGHEST GUST SPEED    31   HIGHEST GUST DIRECTION    NE (30)
  AVERAGE WIND SPEED    13.6


SKY COVER
  POSSIBLE SUNSHINE  MM
  AVERAGE SKY COVER 1.0


WEATHER CONDITIONS
 THE FOLLOWING WEATHER WAS RECORDED YESTERDAY.
  THUNDERSTORM
  HEAVY RAIN
  RAIN
  LIGHT RAIN
  FOG


RELATIVE HUMIDITY (PERCENT)
 HIGHEST    96          1200 PM
 LOWEST     51          1200 AM
 AVERAGE    74

..........................................................


THE MATTOON IL AIRPORT CLIMATE NORMALS FOR TODAY
                         NORMAL    RECORD    YEAR
 MAXIMUM TEMPERATURE (F)   67        MM        MM
 MINIMUM TEMPERATURE (F)   47        MM        MM


SUNRISE AND SUNSET
APRIL 26 2015.........SUNRISE   601 AM CDT   SUNSET   742 PM CDT
APRIL 27 2015.........SUNRISE   600 AM CDT   SUNSET   743 PM CDT


-  INDICATES NEGATIVE NUMBERS.
R  INDICATES RECORD WAS SET OR TIED.
MM INDICATES DATA IS MISSING.
T  INDICATES TRACE AMOUNT.




$$
