000
CDUS45 KBOI 250932
CLIMYL


CLIMATE REPORT
NATIONAL WEATHER SERVICE BOISE ID
332 AM MDT SAT APR 25 2015


...................................

...THE MCCALL ID CLIMATE SUMMARY FOR APRIL 24 2015...

CLIMATE NORMAL PERIOD 1981 TO 2010
CLIMATE RECORD PERIOD 1930 TO 2015


WEATHER ITEM   OBSERVED TIME   RECORD YEAR NORMAL DEPARTURE LAST
                VALUE   (LST)  VALUE       VALUE  FROM      YEAR
                                                  NORMAL
..................................................................
TEMPERATURE (F)
 YESTERDAY
  MAXIMUM         48    534 PM  80    1977  52     -4       45
  MINIMUM         33   1150 PM  12    1950  27      6       32
  AVERAGE         41                        39      2       39

PRECIPITATION (IN)
  YESTERDAY        0.47          1.00 1930   0.06   0.41     0.51
  MONTH TO DATE    1.05                      1.55  -0.50     1.69
  SINCE OCT 1     15.79                     13.40   2.39    16.71
  SINCE JAN 1      7.03                      7.22  -0.19    12.64

DEGREE DAYS
 HEATING
  YESTERDAY       24                        26     -2       26
  MONTH TO DATE  615                       699    -84      625
  SINCE MAR 1   1433                      1813   -380     1637
  SINCE JUL 1   6804                      8488  -1684     7631

 COOLING
  YESTERDAY        0                         0      0        0
  MONTH TO DATE    0                         0      0        0
  SINCE MAR 1      0                         0      0        0
  SINCE JAN 1      0                         0      0        0
..................................................................


WIND (MPH)
  HIGHEST WIND SPEED    13   HIGHEST WIND DIRECTION     W (270)
  HIGHEST GUST SPEED    15   HIGHEST GUST DIRECTION     W (270)
  AVERAGE WIND SPEED     4.5


SKY COVER
  AVERAGE SKY COVER 0.8


WEATHER CONDITIONS
 THE FOLLOWING WEATHER WAS RECORDED YESTERDAY.
  RAIN
  LIGHT RAIN
  LIGHT SNOW
  FOG


RELATIVE HUMIDITY (PERCENT)
 HIGHEST    92           400 AM
 LOWEST     49           500 PM
 AVERAGE    71

..........................................................


THE MCCALL ID CLIMATE NORMALS FOR TODAY
                         NORMAL    RECORD    YEAR
 MAXIMUM TEMPERATURE (F)   52        79      1977
 MINIMUM TEMPERATURE (F)   27        18      1948


SUNRISE AND SUNSET
APRIL 25 2015.........SUNRISE   643 AM MDT   SUNSET   842 PM MDT
APRIL 26 2015.........SUNRISE   642 AM MDT   SUNSET   843 PM MDT


-  INDICATES NEGATIVE NUMBERS.
R  INDICATES RECORD WAS SET OR TIED.
MM INDICATES DATA IS MISSING.
T  INDICATES TRACE AMOUNT.




$$
