000
CDUS44 KLIX 012119
CLINEW


CLIMATE REPORT
NATIONAL WEATHER SERVICE NEW ORLEANS
419 PM CDT WED APR 1 2015


...................................

...THE NEW ORLEANS CLIMATE SUMMARY FOR APRIL 1 2015...
VALID TODAY AS OF 0400 PM LOCAL TIME.

CLIMATE NORMAL PERIOD 1981 TO 2010
CLIMATE RECORD PERIOD 1946 TO 2015


WEATHER ITEM   OBSERVED TIME   RECORD YEAR NORMAL DEPARTURE LAST
                VALUE   (LST)  VALUE       VALUE  FROM      YEAR
                                                  NORMAL
..................................................................
TEMPERATURE (F)
 TODAY
  MAXIMUM         81   1222 PM  86    2012  75      6       79
  MINIMUM         64    540 AM  37    1987  56      8       59
  AVERAGE         73                        66      7       69

PRECIPITATION (IN)
  TODAY            0.00          3.75 1988   0.16  -0.16     0.00
  MONTH TO DATE    0.00                      0.16  -0.16     0.00
  SINCE MAR 1      6.36                      4.71   1.65     5.25
  SINCE JAN 1     14.06                     15.16  -1.10    14.28

SNOWFALL (IN)
  TODAY            0.0
  MONTH TO DATE    0.0
  SINCE MAR 1      0.0
  SINCE JUL 1      0.0
  SNOW DEPTH       0

DEGREE DAYS
 HEATING
  TODAY            0                         2     -2        0
  MONTH TO DATE    0                         2     -2        0
  SINCE MAR 1     70                       138    -68      187
  SINCE JUL 1   1274                      1247     27     1540

 COOLING
  TODAY            8                         3      5        4
  MONTH TO DATE    8                         3      5        4
  SINCE MAR 1    132                        66     66       25
  SINCE JAN 1    150                       103     47       49
..................................................................


WIND (MPH)
  HIGHEST WIND SPEED    17   HIGHEST WIND DIRECTION     S (170)
  HIGHEST GUST SPEED    21   HIGHEST GUST DIRECTION     S (160)
  AVERAGE WIND SPEED     6.7


SKY COVER
  POSSIBLE SUNSHINE  MM
  AVERAGE SKY COVER 0.6


WEATHER CONDITIONS
 THE FOLLOWING WEATHER WAS RECORDED TODAY.
  FOG


RELATIVE HUMIDITY (PERCENT)
 HIGHEST    93           100 AM
 LOWEST     52          1200 PM
 AVERAGE    73

..........................................................


THE NEW ORLEANS CLIMATE NORMALS FOR TOMORROW
                         NORMAL    RECORD    YEAR
 MAXIMUM TEMPERATURE (F)   75        85      2012
                                             1974
 MINIMUM TEMPERATURE (F)   57        38      1994


SUNRISE AND SUNSET
APRIL  1 2015.........SUNRISE   651 AM CDT   SUNSET   720 PM CDT
APRIL  2 2015.........SUNRISE   649 AM CDT   SUNSET   720 PM CDT


-  INDICATES NEGATIVE NUMBERS.
R  INDICATES RECORD WAS SET OR TIED.
MM INDICATES DATA IS MISSING.
T  INDICATES TRACE AMOUNT.




$$
