000
CDUS46 KMTR 030827
CLINUQ


CLIMATE REPORT
NATIONAL WEATHER SERVICE SAN FRANCISCO BAY AREA
127 AM PDT SUN MAY 3 2015


...................................

...THE MOFFETT FIELD CLIMATE SUMMARY FOR MAY 2 2015...

CLIMATE NORMAL PERIOD 1981 TO 2010
CLIMATE RECORD PERIOD 1945 TO 2015


WEATHER ITEM   OBSERVED TIME   RECORD YEAR NORMAL DEPARTURE LAST
                VALUE   (LST)  VALUE       VALUE  FROM      YEAR
                                                  NORMAL
..................................................................
TEMPERATURE (F)
 YESTERDAY
  MAXIMUM         MM        MM  91    2013  71     MM       78
                                      1990
  MINIMUM         MM        MM  41    1948  52     MM       56
  AVERAGE         MM                        61     MM       67

PRECIPITATION (IN)
  YESTERDAY        0.00          0.31 1957   0.02  -0.02     0.00
  MONTH TO DATE    0.00                      0.05  -0.05     0.00
  SINCE OCT 1     13.48                     13.95  -0.47     5.94
  SINCE JAN 1      3.49                      9.11  -5.62     5.18

DEGREE DAYS
 HEATING
  YESTERDAY       MM                                         0
  MONTH TO DATE   MM                                         0
  SINCE MAR 1    305                                       290
  SINCE JUL 1   1410                                      1748

 COOLING
  YESTERDAY       MM                                         2
  MONTH TO DATE   MM                                        12
  SINCE MAR 1     18                                        38
  SINCE JAN 1     18                                        38
..................................................................


WIND (MPH)
  RESULTANT WIND SPEED   6   RESULTANT WIND DIRECTION   N (350)
  HIGHEST WIND SPEED    14   HIGHEST WIND DIRECTION     N (340)
  HIGHEST GUST SPEED    18   HIGHEST GUST DIRECTION    NW (330)
  AVERAGE WIND SPEED     6.6


SKY COVER
  POSSIBLE SUNSHINE  MM
  AVERAGE SKY COVER 0.3


WEATHER CONDITIONS
 THE FOLLOWING WEATHER WAS RECORDED YESTERDAY.
  NO SIGNIFICANT WEATHER WAS OBSERVED.


RELATIVE HUMIDITY (PERCENT)
 HIGHEST    MM
 LOWEST     MM
 AVERAGE    MM

..........................................................


THE MOFFETT FIELD CLIMATE NORMALS FOR TODAY
                         NORMAL    RECORD    YEAR
 MAXIMUM TEMPERATURE (F)   71        88      2013
 MINIMUM TEMPERATURE (F)   52        40      1949


SUNRISE AND SUNSET
MAY  3 2015...........SUNRISE   611 AM PDT   SUNSET   800 PM PDT
MAY  4 2015...........SUNRISE   610 AM PDT   SUNSET   801 PM PDT


-  INDICATES NEGATIVE NUMBERS.
R  INDICATES RECORD WAS SET OR TIED.
MM INDICATES DATA IS MISSING.
T  INDICATES TRACE AMOUNT.




$$
