000
CDUS43 KOAX 060630
CLIOAX


CLIMATE REPORT
NATIONAL WEATHER SERVICE OMAHA NEBRASKA
129 AM CDT WED MAY 6 2015


...................................

...THE VALLEY  NWS, NEBRASKA CLIMATE SUMMARY FOR MAY 5 2015...

CLIMATE NORMAL PERIOD 1981 TO 2010
CLIMATE RECORD PERIOD 1997 TO 2015


WEATHER ITEM   OBSERVED TIME   NORMAL DEPARTURE LAST
                VALUE   (LST)  VALUE  FROM      YEAR
                                      NORMAL
......................................................
TEMPERATURE (F)
 YESTERDAY
  MAXIMUM         74    447 PM  68      6       74
  MINIMUM         57    438 AM  48      9       47
  AVERAGE         66            58      8       61

PRECIPITATION (IN)
  YESTERDAY        0.03          0.15  -0.12     0.00
  MONTH TO DATE    1.35          0.72   0.63      T
  SINCE MAR 1      5.53          5.75  -0.22     3.02
  SINCE JAN 1      7.10          7.46  -0.36     4.06

SNOWFALL (IN)
  YESTERDAY        0.0                           0.0
  MONTH TO DATE    0.0                           0.0
  SINCE JUL 1     19.3                          18.2
  SNOW DEPTH       0

DEGREE DAYS
 HEATING
  YESTERDAY        0             8     -8        4
  MONTH TO DATE    6            42    -36       44
  SINCE MAR 1    994          1309   -315     1337
  SINCE JUL 1   5723          6140   -417     6397

 COOLING
  YESTERDAY        1             1      0        0
  MONTH TO DATE    7             5      2        0
  SINCE MAR 1     11            12     -1        9
  SINCE JAN 1     11            12     -1        9
......................................................


WIND (MPH)
  HIGHEST WIND SPEED    MM   HIGHEST WIND DIRECTION    MM
  HIGHEST GUST SPEED    30   HIGHEST GUST DIRECTION    MM


SKY COVER
  POSSIBLE SUNSHINE  MM


WEATHER CONDITIONS
 THE FOLLOWING WEATHER WAS RECORDED YESTERDAY.
  LIGHT RAIN
  FOG


..........................................................


THE VALLEY  NWS, NEBRASKA CLIMATE NORMALS FOR TODAY
                         NORMAL
 MAXIMUM TEMPERATURE (F)   69
 MINIMUM TEMPERATURE (F)   48


SUNRISE AND SUNSET
MAY  6 2015...........SUNRISE   617 AM CDT   SUNSET   828 PM CDT
MAY  7 2015...........SUNRISE   616 AM CDT   SUNSET   829 PM CDT


-  INDICATES NEGATIVE NUMBERS.
R  INDICATES RECORD WAS SET OR TIED.
MM INDICATES DATA IS MISSING.
T  INDICATES TRACE AMOUNT.




$$
