000
CDUS43 KEAX 192124
CLIOJC


CLIMATE REPORT
NATIONAL WEATHER SERVICE KANSAS CITY/PLEASANT HILL MO
423 PM CDT SUN APR 19 2015


...................................

...THE JOHNSON COUNTY EXECUTIVE KS CLIMATE SUMMARY FOR APRIL 19 2015...
VALID AS OF 0400 PM LOCAL TIME.

CLIMATE NORMAL PERIOD 1981 TO 2010
CLIMATE RECORD PERIOD 9999 TO 9999


WEATHER ITEM   OBSERVED TIME   NORMAL DEPARTURE LAST
                VALUE   (LST)  VALUE  FROM      YEAR
                                      NORMAL
......................................................
TEMPERATURE (F)
 TODAY
  MAXIMUM         68    135 PM  66      2       75
  MINIMUM         52    517 AM  46      6       49
  AVERAGE         60            56      4       62

PRECIPITATION (IN)
  TODAY            0.12          0.14  -0.02     0.00
  MONTH TO DATE    2.77          2.18   0.59     1.76
  SINCE MAR 1      3.63          4.81  -1.18     2.55
  SINCE JAN 1      5.22          7.50  -2.28     3.04

DEGREE DAYS
 HEATING
  TODAY            5             9     -4        3
  MONTH TO DATE  123           230   -107      273
  SINCE MAR 1    660           854   -194     1029
  SINCE JUL 1   4695          4747    -52     5510

 COOLING
  TODAY            0             1     -1        0
  MONTH TO DATE    7            11     -4        3
  SINCE MAR 1      9            12     -3        3
  SINCE JAN 1      9            12     -3        3
......................................................


WIND (MPH)
  HIGHEST WIND SPEED    20   HIGHEST WIND DIRECTION    NW (330)
  HIGHEST GUST SPEED    28   HIGHEST GUST DIRECTION    NW (330)
  AVERAGE WIND SPEED     7.8


SKY COVER
  AVERAGE SKY COVER 0.7


WEATHER CONDITIONS
 THE FOLLOWING WEATHER WAS RECORDED TODAY.
  THUNDERSTORM
  LIGHT RAIN
  FOG


RELATIVE HUMIDITY (PERCENT)
 HIGHEST   100           200 AM
 LOWEST     63          1200 PM
 AVERAGE    82

..........................................................


THE JOHNSON COUNTY EXECUTIVE KS CLIMATE NORMALS FOR TOMORROW
                         NORMAL
 MAXIMUM TEMPERATURE (F)   67
 MINIMUM TEMPERATURE (F)   47


SUNRISE AND SUNSET
APRIL 19 2015.........SUNRISE   637 AM CDT   SUNSET   800 PM CDT
APRIL 20 2015.........SUNRISE   636 AM CDT   SUNSET   801 PM CDT


-  INDICATES NEGATIVE NUMBERS.
R  INDICATES RECORD WAS SET OR TIED.
MM INDICATES DATA IS MISSING.
T  INDICATES TRACE AMOUNT.




$$
