000
CDAK49 PAOM 030902
CLIOME

CLIMATE REPORT
NATIONAL WEATHER SERVICE NOME, AK
103 AM AKDT SUN MAY 3 2015

...................................
...THE NOME WSO AP CLIMATE SUMMARY FOR MAY 2 2015...

CLIMATE NORMAL PERIOD  1981 TO  2010
CLIMATE RECORD PERIOD  1906 TO  2015

WEATHER ITEM   OBSERVED TIME    RECORD YEAR NORMAL DEPARTURE LAST
               VALUE    (LST)   VALUE       VALUE  FROM      YEAR
                                                   NORMAL
...................................................................
TEMPERATURE
YESTERDAY
 MAXIMUM            29  0857 PM    56  2004     36      -7     43
 MINIMUM            25  1159 PM   -11  1949     24       1     31
 AVERAGE            27                          30      -3     37

PRECIPITATION
(INCHES)
 YESTERDAY        0.00           0.46  1981   0.02   -0.02   0.00
 MONTH TO DATE    0.00                        0.05   -0.05   0.01
 SINCE MAR 1      1.31                        1.46   -0.15   0.99
 SINCE JAN 1      2.95                        3.33   -0.38   3.16

SNOWFALL
(INCHES)
 YESTERDAY         0.0            4.6  1981    0.2    -0.2    0.0
 MONTH TO DATE     0.0                         0.3    -0.3    0.0
 SINCE MAR 1      16.4                        16.7    -0.3   15.4
 SINCE JUL 1      59.7                        73.4   -13.7   69.7
 SNOW DEPTH (IN)     2                                          0

DEGREE DAYS
 HEATING
  YESTERDAY         38                          35       3     28
  MONTH TO DATE     77                          70       7     57
  SINCE MAR 1     3184                        3101      83   2777
  SINCE JUL 1    11348                       12383   -1035  10931

 COOLING
  YESTERDAY          0                           0       0      0
  MONTH TO DATE      0                           0       0      0
  SINCE MAR 1        0                           0       0      0
  SINCE JAN 1        0                           0       0      0
...................................................................

WIND (MPH)
 HIGHEST WIND SPEED    17     HIGHEST WIND DIRECTION    270
 HIGHEST GUST SPEED    19     HIGHEST GUST DIRECTION    260
 AVERAGE WIND SPEED   9.3

SKY COVER
  POSSIBLE SUNSHINE    MM          AVERAGE SKY COVER     MM

WEATHER CONDITIONS
 THE FOLLOWING WEATHER WAS RECORDED YESTERDAY.
  NO SIGNIFICANT WEATHER WAS OBSERVED.

RELATIVE HUMIDITY
 HIGHEST RH     MM PERCENT       MM
 LOWEST  RH     MM PERCENT       MM
 AVERAGE RH     MM PERCENT       MM
...................................................................

THE NOME CLIMATE NORMALS FOR TODAY
                           NORMAL    RECORD   YEAR
 MAXIMUM TEMPERATURE (F)     37        54     1960
 MINIMUM TEMPERATURE (F)     25        -7     1949

SUNRISE AND SUNSET
 MAY 3 2015..........SUNRISE  6:24 AM      SUNSET 11:36 PM
 MAY 4 2015..........SUNRISE  6:21 AM      SUNSET 11:40 PM

-  INDICATES NEGATIVE NUMBERS.
R  INDICATES RECORD HAS BEEN SET OR TIED.
MM INDICATES DATA IS MISSING.
T  INDICATES TRACE OF PRECIPITATION.

&&
-------------------------------------------------------------------

AMOUNT OF DAYLIGHT TODAY  (HOUR:MIN)........17 HOURS 12 MINUTES
GAIN/LOSS SINCE YESTERDAY (HOUR:MIN:SEC)....+0:06:50

TIDE INFORMATION FOR SUNDAY MAY 3 2015
 6:12 AM HIGH 1.1 FT
11:03 AM LOW  0.7 FT
 5:01 PM HIGH 1.3 FT

$$
RWM MAY 15
