000
CDUS41 KAKQ 180550
CLIORF


CLIMATE REPORT
NATIONAL WEATHER SERVICE WAKEFIELD, VA
150 AM EDT SAT APR 18 2015


...................................

...THE NORFOLK VA CLIMATE SUMMARY FOR APRIL 17 2015...

CLIMATE NORMAL PERIOD 1981 TO 2010
CLIMATE RECORD PERIOD 1871 TO 2015


WEATHER ITEM   OBSERVED TIME   RECORD YEAR NORMAL DEPARTURE LAST
                VALUE   (LST)  VALUE       VALUE  FROM      YEAR
                                                  NORMAL
..................................................................
TEMPERATURE (F)
 YESTERDAY
  MAXIMUM         77    317 PM  93    2002  68      9       52
  MINIMUM         57    438 AM  34    1875  49      8       42
  AVERAGE         67                        59      8       47

PRECIPITATION (IN)
  YESTERDAY        T             3.35 1883   0.11  -0.11     0.00
  MONTH TO DATE    2.07                      1.94   0.13     3.24
  SINCE MAR 1      4.76                      5.62  -0.86     7.06
  SINCE JAN 1     10.94                     12.14  -1.20    13.35

SNOWFALL (IN)
  YESTERDAY        0.0           0.0  2002   0.0    0.0
  MONTH TO DATE    0.0                       0.0    0.0
  SINCE NOV 1     12.7                       5.8    6.9
  SINCE JUL 1     12.7                       5.8    6.9
  SNOW DEPTH       0

DEGREE DAYS
 HEATING
  YESTERDAY        0                         8     -8       18
  MONTH TO DATE  107                       161    -54      125
  SINCE MAR 1    646                       653     -7      699
  SINCE JUL 1   3482                      3222    260     3310

 COOLING
  YESTERDAY        2                         1      1        0
  MONTH TO DATE   16                        17     -1       18
  SINCE MAR 1     18                        23     -5       19
  SINCE JAN 1     18                        24     -6       19
..................................................................


WIND (MPH)
  HIGHEST WIND SPEED    14   HIGHEST WIND DIRECTION    SW (220)
  HIGHEST GUST SPEED    22   HIGHEST GUST DIRECTION    SW (220)
  AVERAGE WIND SPEED     5.7


SKY COVER
  POSSIBLE SUNSHINE  MM
  AVERAGE SKY COVER 0.6


WEATHER CONDITIONS
 THE FOLLOWING WEATHER WAS RECORDED YESTERDAY.
  NO SIGNIFICANT WEATHER WAS OBSERVED.


RELATIVE HUMIDITY (PERCENT)
 HIGHEST    84          1100 PM
 LOWEST     58           300 PM
 AVERAGE    71

..........................................................


THE NORFOLK VA CLIMATE NORMALS FOR TODAY
                         NORMAL    RECORD    YEAR
 MAXIMUM TEMPERATURE (F)   68        95      1896
 MINIMUM TEMPERATURE (F)   50        28      1875


SUNRISE AND SUNSET
APRIL 18 2015.........SUNRISE   627 AM EDT   SUNSET   742 PM EDT
APRIL 19 2015.........SUNRISE   626 AM EDT   SUNSET   743 PM EDT


-  INDICATES NEGATIVE NUMBERS.
R  INDICATES RECORD WAS SET OR TIED.
MM INDICATES DATA IS MISSING.
T  INDICATES TRACE AMOUNT.




$$
