000
CDUS43 KDDC 062328
CLIP28


CLIMATE REPORT
NATIONAL WEATHER SERVICE DODGE CITY KS
627 PM CDT WED MAY 6 2015


...................................

...THE MEDICINE LODGE KS CLIMATE SUMMARY FOR MAY 6 2015...
VALID TODAY AS OF 0500 PM LOCAL TIME.

CLIMATE NORMAL PERIOD 1981 TO 2010
CLIMATE RECORD PERIOD 1893 TO 2015


WEATHER ITEM   OBSERVED TIME   RECORD YEAR NORMAL DEPARTURE LAST
                VALUE   (LST)  VALUE       VALUE  FROM      YEAR
                                                  NORMAL
..................................................................
TEMPERATURE (F)
 TODAY
  MAXIMUM         81    342 PM 103    2014  76      5      103
  MINIMUM         58    623 AM  31    1944  51      7       61
  AVERAGE         70                        63      7       82

PRECIPITATION (IN)
  TODAY            0.03          3.49 2007   0.10  -0.07     0.00
  MONTH TO DATE    0.53                      0.62  -0.09     0.00
  SINCE MAR 1      4.39                      5.31  -0.92     1.12
  SINCE JAN 1      5.70                      7.06  -1.36     2.07

DEGREE DAYS
 HEATING
  TODAY            0                         4     -4        0
  MONTH TO DATE    0                        26    -26       22
  SINCE MAR 1    643                       882   -239     1010
  SINCE JUL 1   4217                      4411   -194     4961

 COOLING
  TODAY            5                         2      3       17
  MONTH TO DATE   31                        11     20       51
  SINCE MAR 1     63                        35     28       80
  SINCE JAN 1     63                        35     28       80
..................................................................


WIND (MPH)
  HIGHEST WIND SPEED    33   HIGHEST WIND DIRECTION     S (180)
  HIGHEST GUST SPEED    45   HIGHEST GUST DIRECTION     S (180)
  AVERAGE WIND SPEED    16.6




RELATIVE HUMIDITY (PERCENT)
 HIGHEST   100          1200 AM
 LOWEST     54           300 PM
 AVERAGE    77

..........................................................


THE MEDICINE LODGE KS CLIMATE NORMALS FOR TOMORROW
                         NORMAL    RECORD    YEAR
 MAXIMUM TEMPERATURE (F)   76        99      2014
 MINIMUM TEMPERATURE (F)   52        32      1960


SUNRISE AND SUNSET
MAY  6 2015...........SUNRISE   634 AM CDT   SUNSET   828 PM CDT
MAY  7 2015...........SUNRISE   633 AM CDT   SUNSET   829 PM CDT


-  INDICATES NEGATIVE NUMBERS.
R  INDICATES RECORD WAS SET OR TIED.
MM INDICATES DATA IS MISSING.
T  INDICATES TRACE AMOUNT.




$$
