000
CDUS46 KPDT 270030
CLIPDT

CLIMATE REPORT
NATIONAL WEATHER SERVICE PENDLETON OR
529 PM PDT SUN APR 26 2015


...................................

...THE PENDLETON OR CLIMATE SUMMARY FOR APRIL 26 2015...
VALID TODAY AS OF 0500 PM LOCAL TIME.

CLIMATE NORMAL PERIOD 1981 TO 2010
CLIMATE RECORD PERIOD 1890 TO 2015


WEATHER ITEM   OBSERVED TIME   RECORD YEAR NORMAL DEPARTURE LAST
                VALUE   (LST)  VALUE       VALUE  FROM      YEAR
                                                  NORMAL
..................................................................
TEMPERATURE (F)
 TODAY
  MAXIMUM         63    256 PM  86    1904  64     -1       59
  MINIMUM         30    501 AM  25    1924  41    -11       39
                                      1918
  AVERAGE         47                        52     -5       49

PRECIPITATION (IN)
  TODAY            0.00          0.70 1894   0.04  -0.04     0.00
  MONTH TO DATE    0.28                      1.03  -0.75     1.02
  SINCE OCT 1      7.72                      8.89  -1.17     7.43
  SINCE JAN 1      3.02                      4.89  -1.87     5.64

SNOWFALL (IN)
  TODAY            0.0           0.0  2002   0.0    0.0      0.0
                                      2001
                                      2000
  MONTH TO DATE    T                         0.0    0.0      0.0
  SINCE JAN 1      0.4                       7.7   -7.3     15.2
  SINCE JUL 1      7.2                      15.2   -8.0     21.7
  SNOW DEPTH       0

DEGREE DAYS
 HEATING
  TODAY           18                        13      5       16
  MONTH TO DATE  438                       384     54      360
  SINCE MAR 1    908                      1001    -93      961
  SINCE JUL 1   4401                      4900   -499     5226

 COOLING
  TODAY            0                         0      0        0
  MONTH TO DATE    0                         0      0        0
  SINCE MAR 1      0                         0      0        0
  SINCE JAN 1      0                         0      0        0
..................................................................


WIND (MPH)
  HIGHEST WIND SPEED    13   HIGHEST WIND DIRECTION    NW (310)
  HIGHEST GUST SPEED    17   HIGHEST GUST DIRECTION    NW (320)
  AVERAGE WIND SPEED     6.7


SKY COVER
  POSSIBLE SUNSHINE  MM
  AVERAGE SKY COVER 0.1


WEATHER CONDITIONS
 THE FOLLOWING WEATHER WAS RECORDED TODAY.
  NO SIGNIFICANT WEATHER WAS OBSERVED.


RELATIVE HUMIDITY (PERCENT)
 HIGHEST    85           500 AM
 LOWEST     23           400 PM
 AVERAGE    54

..........................................................


THE PENDLETON OR CLIMATE NORMALS FOR TOMORROW
                         NORMAL    RECORD    YEAR
 MAXIMUM TEMPERATURE (F)   65        95      1926
 MINIMUM TEMPERATURE (F)   41        29      1935
                                             1918


SUNRISE AND SUNSET
APRIL 26 2015.........SUNRISE   551 AM PDT   SUNSET   756 PM PDT
APRIL 27 2015.........SUNRISE   550 AM PDT   SUNSET   757 PM PDT


-  INDICATES NEGATIVE NUMBERS.
R  INDICATES RECORD WAS SET OR TIED.
MM INDICATES DATA IS MISSING.
T  INDICATES TRACE AMOUNT.




$$
