000
CDUS41 KPHI 210631
CLIPHL


CLIMATE REPORT
NATIONAL WEATHER SERVICE MOUNT HOLLY NJ
229 AM EDT TUE APR 21 2015


...................................

...THE PHILADELPHIA PA CLIMATE SUMMARY FOR APRIL 20 2015...

CLIMATE NORMAL PERIOD 1981 TO 2010
CLIMATE RECORD PERIOD 1872 TO 2015


WEATHER ITEM   OBSERVED TIME   RECORD YEAR NORMAL DEPARTURE LAST
                VALUE   (LST)  VALUE       VALUE  FROM      YEAR
                                                  NORMAL
..................................................................
TEMPERATURE (F)
 YESTERDAY
  MAXIMUM         76    254 PM  92    1941  66     10       60
  MINIMUM         50   1215 AM  27    1897  46      4       41
  AVERAGE         63                        56      7       51

PRECIPITATION (IN)
  YESTERDAY        2.01R         1.71 1874   0.12   1.89     0.00
  MONTH TO DATE    2.76                      2.44   0.32     1.38
  SINCE MAR 1      8.28                      6.23   2.05     5.61
  SINCE JAN 1     15.16                     11.91   3.25    14.28

SNOWFALL (IN)
  YESTERDAY        0.0           0.6  1983   0.1   -0.1      0.0
  MONTH TO DATE    0.0                       0.5   -0.5       T
  SINCE MAR 1     12.0                       3.4    8.6      8.5
  SINCE JUL 1     27.0                      22.4    4.6     68.0
  SNOW DEPTH       0

DEGREE DAYS
 HEATING
  YESTERDAY        2                        10     -8       14
  MONTH TO DATE  194                       261    -67      239
  SINCE MAR 1    987                       926     61     1040
  SINCE JUL 1   4640                      4408    232     4696

 COOLING
  YESTERDAY        0                         1     -1        0
  MONTH TO DATE    3                         2      1        9
  SINCE MAR 1      3                         3      0        9
  SINCE JAN 1      3                         3      0        9
..................................................................


WIND (MPH)
  HIGHEST WIND SPEED    29   HIGHEST WIND DIRECTION    SW (230)
  HIGHEST GUST SPEED    35   HIGHEST GUST DIRECTION    SW (230)
  AVERAGE WIND SPEED    10.8


SKY COVER
  POSSIBLE SUNSHINE  MM
  AVERAGE SKY COVER 0.9


WEATHER CONDITIONS
 THE FOLLOWING WEATHER WAS RECORDED YESTERDAY.
  THUNDERSTORM
  HEAVY RAIN
  RAIN
  LIGHT RAIN
  HAIL
  FOG


RELATIVE HUMIDITY (PERCENT)
 HIGHEST    93           500 AM
 LOWEST     60           400 PM
 AVERAGE    77

..........................................................


THE PHILADELPHIA PA CLIMATE NORMALS FOR TODAY
                         NORMAL    RECORD    YEAR
 MAXIMUM TEMPERATURE (F)   66        89      1976
 MINIMUM TEMPERATURE (F)   46        27      1875


SUNRISE AND SUNSET
APRIL 21 2015.........SUNRISE   615 AM EDT   SUNSET   745 PM EDT
APRIL 22 2015.........SUNRISE   614 AM EDT   SUNSET   746 PM EDT


-  INDICATES NEGATIVE NUMBERS.
R  INDICATES RECORD WAS SET OR TIED.
MM INDICATES DATA IS MISSING.
T  INDICATES TRACE AMOUNT.




$$
