000
CDUS43 KILX 032132
CLIPIA


CLIMATE REPORT
NATIONAL WEATHER SERVICE LINCOLN IL
432 PM CDT SUN MAY 3 2015


...................................

...THE PEORIA IL CLIMATE SUMMARY FOR MAY 3 2015...
VALID TODAY AS OF 0400 PM LOCAL TIME.

CLIMATE NORMAL PERIOD 1981 TO 2010
CLIMATE RECORD PERIOD 1883 TO 2015


WEATHER ITEM   OBSERVED TIME   RECORD YEAR NORMAL DEPARTURE LAST
                VALUE   (LST)  VALUE       VALUE  FROM      YEAR
                                                  NORMAL
..................................................................
TEMPERATURE (F)
 TODAY
  MAXIMUM         85    256 PM  92    1895  69     16       73
  MINIMUM         58   1249 AM  28    2005  48     10       48
  AVERAGE         72                        58     14       61

PRECIPITATION (IN)
  TODAY            0.00          1.21 2013   0.13  -0.13     0.01
  MONTH TO DATE    0.00                      0.40  -0.40     0.02
  SINCE MAR 1      4.03                      6.83  -2.80     5.68
  SINCE JAN 1      7.75                     10.40  -2.65    10.55

SNOWFALL (IN)
  TODAY            0.0           T    1954   0.0    0.0      0.0
                                      1907
  MONTH TO DATE    0.0                       0.0    0.0      0.0
  SINCE MAR 1      2.7                       3.3   -0.6      7.4
  SINCE JUL 1     27.0                      24.6    2.4     57.6
  SNOW DEPTH       0

DEGREE DAYS
 HEATING
  TODAY            0                         7     -7        4
  MONTH TO DATE   13                        23    -10       33
  SINCE MAR 1   1030                      1172   -142     1321
  SINCE JUL 1   5736                      5688     48     6500

 COOLING
  TODAY            7                         1      6        0
  MONTH TO DATE    7                         3      4        0
  SINCE MAR 1     18                        17      1        6
  SINCE JAN 1     18                        17      1        6
..................................................................


WIND (MPH)
  HIGHEST WIND SPEED    26   HIGHEST WIND DIRECTION     S (200)
  HIGHEST GUST SPEED    33   HIGHEST GUST DIRECTION    SW (210)
  AVERAGE WIND SPEED    10.7


SKY COVER
  POSSIBLE SUNSHINE  MM
  AVERAGE SKY COVER 0.2


WEATHER CONDITIONS
 THE FOLLOWING WEATHER WAS RECORDED TODAY.
  NO SIGNIFICANT WEATHER WAS OBSERVED.


RELATIVE HUMIDITY (PERCENT)
 HIGHEST    62           100 AM
 LOWEST     31           100 PM
 AVERAGE    47

..........................................................


THE PEORIA IL CLIMATE NORMALS FOR TOMORROW
                         NORMAL    RECORD    YEAR
 MAXIMUM TEMPERATURE (F)   70        90      1959
                                             1952
 MINIMUM TEMPERATURE (F)   48        30      2005
                                             1907


SUNRISE AND SUNSET
MAY  3 2015...........SUNRISE   555 AM CDT   SUNSET   757 PM CDT
MAY  4 2015...........SUNRISE   554 AM CDT   SUNSET   758 PM CDT


-  INDICATES NEGATIVE NUMBERS.
R  INDICATES RECORD WAS SET OR TIED.
MM INDICATES DATA IS MISSING.
T  INDICATES TRACE AMOUNT.




$$
