000
CDUS43 KABR 180932
CLIPIR


CLIMATE REPORT
NATIONAL WEATHER SERVICE ABERDEEN SD
431 AM CDT SAT APR 18 2015


...................................

...THE PIERRE SD CLIMATE SUMMARY FOR APRIL 17 2015...

CLIMATE NORMAL PERIOD 1981 TO 2010
CLIMATE RECORD PERIOD 1892 TO 2015


WEATHER ITEM   OBSERVED TIME   RECORD YEAR NORMAL DEPARTURE LAST
                VALUE   (LST)  VALUE       VALUE  FROM      YEAR
                                                  NORMAL
..................................................................
TEMPERATURE (F)
 YESTERDAY
  MAXIMUM         72    422 PM  87    1987  61     11       47
  MINIMUM         37    600 AM  17    1953  35      2       18
  AVERAGE         55                        48      7       33

PRECIPITATION (IN)
  YESTERDAY        T             1.17 1978   0.06  -0.06     0.00
                                      2000
  MONTH TO DATE    0.06                      0.89  -0.83     0.07
  SINCE MAR 1      0.39                      2.12  -1.73     1.06
  SINCE JAN 1      0.74                      3.13  -2.39     1.63

SNOWFALL (IN)
  YESTERDAY        0.0           2.6  2013   0.2   -0.2      0.0
  MONTH TO DATE    0.0                       2.8   -2.8       T
  SINCE OCT 1     27.1                      30.6   -3.5     34.6
  SINCE JUL 1     27.1                      30.6   -3.5     34.6
  SNOW DEPTH       0

DEGREE DAYS
 HEATING
  YESTERDAY       10                        17     -7       32
  MONTH TO DATE  278                       354    -76      432
  SINCE MAR 1   1024                      1301   -277     1505
  SINCE JUL 1   6533                      6799   -266     7500

 COOLING
  YESTERDAY        0                         0      0        0
  MONTH TO DATE    0                         0      0        0
  SINCE MAR 1      5                         0      5        0
  SINCE JAN 1      5                         0      5        0
..................................................................


WIND (MPH)
  RESULTANT WIND SPEED   2   RESULTANT WIND DIRECTION   N (360)
  HIGHEST WIND SPEED    15   HIGHEST WIND DIRECTION     W (280)
  HIGHEST GUST SPEED    19   HIGHEST GUST DIRECTION    NE (50)
  AVERAGE WIND SPEED     6.1




RELATIVE HUMIDITY (PERCENT)
 HIGHEST    82           400 AM
 LOWEST     22           400 PM
 AVERAGE    52

..........................................................


THE PIERRE SD CLIMATE NORMALS FOR TODAY
                         NORMAL    RECORD    YEAR
 MAXIMUM TEMPERATURE (F)   61        90      1987
 MINIMUM TEMPERATURE (F)   35        16      1953


SUNRISE AND SUNSET
APRIL 18 2015.........SUNRISE   653 AM CDT   SUNSET   829 PM CDT
APRIL 19 2015.........SUNRISE   651 AM CDT   SUNSET   830 PM CDT


-  INDICATES NEGATIVE NUMBERS.
R  INDICATES RECORD WAS SET OR TIED.
MM INDICATES DATA IS MISSING.
T  INDICATES TRACE AMOUNT.




$$
