000
CDUS46 KLOX 040913
CLIPRB


CLIMATE REPORT
NATIONAL WEATHER SERVICE LOS ANGELES/OXNARD CA
213 AM PDT MON MAY 4 2015


...................................

...THE PASO ROBLES AIRPORT CA CLIMATE SUMMARY FOR MAY 3 2015...

CLIMATE NORMAL PERIOD 1981 TO 2010
CLIMATE RECORD PERIOD 1948 TO 2015


WEATHER ITEM   OBSERVED TIME   RECORD YEAR NORMAL DEPARTURE LAST
                VALUE   (LST)  VALUE       VALUE  FROM      YEAR
                                                  NORMAL
..................................................................
TEMPERATURE (F)
 YESTERDAY
  MAXIMUM         69    255 PM 101    2004  78     -9       90
  MINIMUM         46    148 AM  31    1964  44      2       50
  AVERAGE         58                        61     -3       70

PRECIPITATION (IN)
  YESTERDAY        0.00          0.29 1998   0.01  -0.01     0.00
  MONTH TO DATE    0.00                      0.04  -0.04     0.00
  SINCE OCT 1      8.48                     12.21  -3.73     4.92
  SINCE JAN 1      2.76                      8.55  -5.79     4.46

SNOWFALL (IN)
  YESTERDAY        0.0
  MONTH TO DATE    0.0
  SINCE MAR 1      0.0
  SINCE JUL 1      0.0

DEGREE DAYS
 HEATING
  YESTERDAY        7                         5      2        0
  MONTH TO DATE   10                        16     -6        0
  SINCE MAR 1    338                       635   -297      370
  SINCE JUL 1   1698                      2728  -1030     2075

 COOLING
  YESTERDAY        0                         1     -1        5
  MONTH TO DATE    4                         3      1       21
  SINCE MAR 1     44                        12     32       39
  SINCE JAN 1     44                        12     32       39
..................................................................


WIND (MPH)
  HIGHEST WIND SPEED    18   HIGHEST WIND DIRECTION     S (200)
  HIGHEST GUST SPEED    29   HIGHEST GUST DIRECTION    SW (220)
  AVERAGE WIND SPEED     7.9


SKY COVER
  POSSIBLE SUNSHINE  MM
  AVERAGE SKY COVER 0.3


WEATHER CONDITIONS
 THE FOLLOWING WEATHER WAS RECORDED YESTERDAY.
  FOG


RELATIVE HUMIDITY (PERCENT)
 HIGHEST    93           600 AM
 LOWEST     39           200 PM
 AVERAGE    66

..........................................................


THE PASO ROBLES AIRPORT CA CLIMATE NORMALS FOR TODAY
                         NORMAL    RECORD    YEAR
 MAXIMUM TEMPERATURE (F)   78        98      1990
 MINIMUM TEMPERATURE (F)   44        32      1964


SUNRISE AND SUNSET
MAY  4 2015...........SUNRISE   608 AM PDT   SUNSET   752 PM PDT
MAY  5 2015...........SUNRISE   607 AM PDT   SUNSET   752 PM PDT


-  INDICATES NEGATIVE NUMBERS.
R  INDICATES RECORD WAS SET OR TIED.
MM INDICATES DATA IS MISSING.
T  INDICATES TRACE AMOUNT.




$$
