000
CDUS46 KPDT 050031
CLIPSC

CLIMATE REPORT
NATIONAL WEATHER SERVICE PENDLETON OR
531 PM PDT MON MAY 4 2015


...................................

...THE PASCO WA CLIMATE SUMMARY FOR MAY 4 2015...
VALID TODAY AS OF 0500 PM LOCAL TIME.

CLIMATE NORMAL PERIOD 1981 TO 2010
CLIMATE RECORD PERIOD 1948 TO 2015


WEATHER ITEM   OBSERVED TIME   RECORD YEAR NORMAL DEPARTURE LAST
                VALUE   (LST)  VALUE       VALUE  FROM      YEAR
                                                  NORMAL
..................................................................
TEMPERATURE (F)
 TODAY
  MAXIMUM         84    347 PM  91    1992  73     11       74
  MINIMUM         36    442 AM  30    2011  42     -6       51
  AVERAGE         60                        57      3       63

PRECIPITATION (IN)
  TODAY            0.00          0.32 1993   0.02  -0.02     0.02
  MONTH TO DATE    0.00                      0.07  -0.07     0.03
  SINCE OCT 1      4.29                      6.54  -2.25     2.70
  SINCE JAN 1      1.92                      3.59  -1.67     2.12

SNOWFALL (IN)
  TODAY            0.0
  SNOW DEPTH       0

DEGREE DAYS
 HEATING
  TODAY            5                         8     -3        2
  MONTH TO DATE   23                        34    -11        6
  SINCE MAR 1    851                       975   -124      890
  SINCE JUL 1   4307                      4858   -551     5119

 COOLING
  TODAY            0                         0      0        0
  MONTH TO DATE    0                         0      0        2
  SINCE MAR 1      0                         1     -1        2
  SINCE JAN 1      0                         1     -1        2
..................................................................


WIND (MPH)
  RESULTANT WIND SPEED   1   RESULTANT WIND DIRECTION  SW (210)
  HIGHEST WIND SPEED    18   HIGHEST WIND DIRECTION    SW (220)
  HIGHEST GUST SPEED    26   HIGHEST GUST DIRECTION    SW (220)


SKY COVER
  POSSIBLE SUNSHINE  MM
  AVERAGE SKY COVER 0.0


WEATHER CONDITIONS
 THE FOLLOWING WEATHER WAS RECORDED TODAY.
  NO SIGNIFICANT WEATHER WAS OBSERVED.


RELATIVE HUMIDITY (PERCENT)
 HIGHEST    92
 LOWEST     14
 AVERAGE    53

..........................................................


THE PASCO WA CLIMATE NORMALS FOR TOMORROW
                         NORMAL    RECORD    YEAR
 MAXIMUM TEMPERATURE (F)   73        97      1992
 MINIMUM TEMPERATURE (F)   42        30      2010


SUNRISE AND SUNSET
MAY  4 2015...........SUNRISE   538 AM PDT   SUNSET   809 PM PDT
MAY  5 2015...........SUNRISE   537 AM PDT   SUNSET   810 PM PDT


-  INDICATES NEGATIVE NUMBERS.
R  INDICATES RECORD WAS SET OR TIED.
MM INDICATES DATA IS MISSING.
T  INDICATES TRACE AMOUNT.


$$
