000
CDUS45 KPUB 062338
CLIPUB


CLIMATE REPORT
NATIONAL WEATHER SERVICE PUEBLO
538 PM MDT WED MAY 6 2015


...................................

...THE PUEBLO CO CLIMATE SUMMARY FOR MAY 6 2015...
VALID TODAY AS OF 0500 PM LOCAL TIME.

CLIMATE NORMAL PERIOD 1981 TO 2010
CLIMATE RECORD PERIOD 1888 TO 2015


WEATHER ITEM   OBSERVED TIME   RECORD YEAR NORMAL DEPARTURE LAST
                VALUE   (LST)  VALUE       VALUE  FROM      YEAR
                                                  NORMAL
..................................................................
TEMPERATURE (F)
 TODAY
  MAXIMUM         72    257 PM  91    2004  74     -2       82
  MINIMUM         49    319 AM  29    1917  41      8       50
  AVERAGE         61                        57      4       66

PRECIPITATION (IN)
  TODAY            0.40          1.05 1973   0.05   0.35     0.00
  MONTH TO DATE    1.33                      0.31   1.02     0.00
  SINCE MAR 1      3.32                      2.64   0.68     2.82
  SINCE JAN 1      4.70                      3.29   1.41     3.55

SNOWFALL (IN)
  TODAY            0.0           6.0  1917   0.1   -0.1      0.0
  MONTH TO DATE    0.0                       0.3   -0.3      0.0
  SINCE MAR 1      1.7                       9.8   -8.1     10.7
  SINCE JUL 1     42.8                      31.6   11.2     29.3
  SNOW DEPTH       0

DEGREE DAYS
 HEATING
  TODAY            4                         8     -4        0
  MONTH TO DATE   24                        53    -29       24
  SINCE MAR 1   1012                      1190   -178     1076
  SINCE JUL 1   5034                      5493   -459     5281

 COOLING
  TODAY            0                         0      0        1
  MONTH TO DATE    1                         0      1        7
  SINCE MAR 1      1                         2     -1        9
  SINCE JAN 1      1                         2     -1        9
..................................................................


WIND (MPH)
  HIGHEST WIND SPEED    46   HIGHEST WIND DIRECTION    SW (230)
  HIGHEST GUST SPEED    55   HIGHEST GUST DIRECTION    SW (240)
  AVERAGE WIND SPEED     4.6


SKY COVER
  POSSIBLE SUNSHINE  MM
  AVERAGE SKY COVER 0.8


WEATHER CONDITIONS
 THE FOLLOWING WEATHER WAS RECORDED TODAY.
  THUNDERSTORM
  HEAVY RAIN
  RAIN
  LIGHT RAIN
  FOG


RELATIVE HUMIDITY (PERCENT)
 HIGHEST   100           500 AM
 LOWEST     40           100 PM
 AVERAGE    70

..........................................................


THE PUEBLO CO CLIMATE NORMALS FOR TOMORROW
                         NORMAL    RECORD    YEAR
 MAXIMUM TEMPERATURE (F)   74        93      1989
                                             1966
                                             1963
 MINIMUM TEMPERATURE (F)   41        27      1915


SUNRISE AND SUNSET
MAY  6 2015...........SUNRISE   556 AM MDT   SUNSET   754 PM MDT
MAY  7 2015...........SUNRISE   555 AM MDT   SUNSET   755 PM MDT


-  INDICATES NEGATIVE NUMBERS.
R  INDICATES RECORD WAS SET OR TIED.
MM INDICATES DATA IS MISSING.
T  INDICATES TRACE AMOUNT.




$$
