000
CDUS43 KLOT 250633
CLIPWK


CLIMATE REPORT
NATIONAL WEATHER SERVICE CHICAGO IL
132 AM CDT SAT APR 25 2015


...................................

...THE CHICAGO EXECUTIVE CLIMATE SUMMARY FOR APRIL 24 2015...

CLIMATE NORMAL PERIOD 1981 TO 2010
CLIMATE RECORD PERIOD 1996 TO 2015


WEATHER ITEM   OBSERVED TIME   RECORD YEAR NORMAL DEPARTURE LAST
                VALUE   (LST)  VALUE       VALUE  FROM      YEAR
                                                  NORMAL
..................................................................
TEMPERATURE (F)
 YESTERDAY
  MAXIMUM         56   1108 AM  84    2009  61     -5       64
  MINIMUM         28R   409 AM  32    2012  40    -12       38
  AVERAGE         42                        51     -9       51

PRECIPITATION (IN)
  YESTERDAY        0.08          0.47 2004   0.10  -0.02     0.04
  MONTH TO DATE    3.06                      2.09   0.97     1.42
  SINCE MAR 1      3.37                      4.34  -0.97     1.97
  SINCE JAN 1      4.06                      6.92  -2.86     4.10

DEGREE DAYS
 HEATING
  YESTERDAY       23                        14      9       14
  MONTH TO DATE  374                       442    -68      423
  SINCE MAR 1   1298                      1295      3     1470
  SINCE JUL 1   6426                      6033    393     6829

 COOLING
  YESTERDAY        0                         0      0        0
  MONTH TO DATE    0                         0      0        0
  SINCE MAR 1      0                         0      0        0
  SINCE JAN 1      0                         0      0        0
..................................................................


WIND (MPH)
  RESULTANT WIND SPEED   3   RESULTANT WIND DIRECTION   E (80)
  HIGHEST WIND SPEED    15   HIGHEST WIND DIRECTION    NE (50)
  HIGHEST GUST SPEED    21   HIGHEST GUST DIRECTION     E (90)
  AVERAGE WIND SPEED     5.0



WEATHER CONDITIONS
 THE FOLLOWING WEATHER WAS RECORDED YESTERDAY.
  LIGHT RAIN


..........................................................


THE CHICAGO EXECUTIVE CLIMATE NORMALS FOR TODAY
                         NORMAL    RECORD    YEAR
 MAXIMUM TEMPERATURE (F)   62        81      2008
 MINIMUM TEMPERATURE (F)   41        33      1999


SUNRISE AND SUNSET
APRIL 25 2015.........SUNRISE   556 AM CDT   SUNSET   744 PM CDT
APRIL 26 2015.........SUNRISE   555 AM CDT   SUNSET   745 PM CDT


-  INDICATES NEGATIVE NUMBERS.
R  INDICATES RECORD WAS SET OR TIED.
MM INDICATES DATA IS MISSING.
T  INDICATES TRACE AMOUNT.




$$
